{"id":1394,"date":"2023-11-23T15:21:55","date_gmt":"2023-11-23T14:21:55","guid":{"rendered":"https:\/\/jouetentunisie.tn\/?post_type=product&#038;p=1394"},"modified":"2023-11-23T15:22:06","modified_gmt":"2023-11-23T14:22:06","slug":"babyphone-reer","status":"publish","type":"product","link":"https:\/\/jouetentunisie.tn\/index.php\/produit\/babyphone-reer\/","title":{"rendered":"BabyPhone REER"},"content":{"rendered":"<h2>BabyPhone REER<\/h2>\n<p>BabyPhone RIGI double sens port\u00e9e 300m derni\u00e8re Technologie DECT de la marque allemande REER. <span style=\"font-size: 16px;\">Le fabriquant REER est sp\u00e9cialiste des articles pour le confort et la <a style=\"font-size: 16px; background-color: #ffffff;\" href=\"https:\/\/www.tipirate-store.tn\/categorie-produit\/securite-et-confort-bebe\/\">s\u00e9curit\u00e9 de b\u00e9b\u00e9 et maman<\/a>. <\/span>En outre, <span class=\"a-list-item\" style=\"font-size: 16px;\">REER est une marque dans le domaine de la s\u00e9curit\u00e9 des enfants avec plus de 90 ans d&rsquo;exp\u00e9rience. <\/span>Avec une port\u00e9e et une sensibilit\u00e9 de 300m. De plus ce babyphone poss\u00e8de avec veilleuse activable a distance en appuyant sur une touche de l&rsquo;appareil port\u00e9 par la maman.<\/p>\n<p>En outre, maman peut aussi rassurer son b\u00e9b\u00e9 en lui parlant de son babyphone. Le b\u00e9b\u00e9 entendra sa voix alors qu&rsquo;elle est en chemin pour le voir. Avec le babyphone num\u00e9rique Rigi, vous restez en contact permanent avec votre enfant et \u00eates inform\u00e9 \u00e0 tout moment de son \u00e9tat. Ainsi, vous avez toujours une oreille attentive dans la chambre de votre enfant. En outre,\u00a0 Le BabyPhone REER permet d&rsquo;\u00eatre proche sans pour autant d\u00e9ranger le sommeil important de votre petit ch\u00e9ri. Des piles rechargeables sont \u00e9galement fournies avec l&rsquo;appareil le rendant pr\u00eat \u00e0 l&#8217;emploi. <span style=\"font-size: 16px;\"> Trouvez dans la m\u00eame cat\u00e9gorie la <a href=\"https:\/\/www.tipirate-store.tn\/produit\/babycam-reer\/\">babyCam de REER<\/a> ou le <a href=\"https:\/\/www.tipirate-store.tn\/produit\/ecoute-bebe-babyphone-motorola\/\">babyphone de Motorolla<\/a>\u00a0 ou le <a href=\"https:\/\/www.tipirate-store.tn\/produit\/sac-isotherme-reer\/\">sac isotherme de voyage<\/a>!<\/span><\/p>\n<p><span style=\"font-size: 16px; font-style: normal; font-weight: 400;\">Achetez et commandez en ligne ou d\u00e9couvrez cet article de b\u00e9b\u00e9 dans notre magasin de jouets et articles b\u00e9b\u00e9 \u00e0 Tunis, Tunisie.<\/span><span style=\"font-size: 16px; font-style: normal; font-weight: 400;\">\u00a0<\/span><\/p>\n<p>Pour plus d&rsquo;informations visiter le site officiel <a href=\"https:\/\/www.reer.de\/en\">REER<\/a><\/p>\n","protected":false},"excerpt":{"rendered":"<p>BabyPhone RIGI double sens port\u00e9e 300m derni\u00e8re Technologie DECT de la marque allemande REER. Le fabriquant REER est sp\u00e9cialiste des articles pour le confort et la s\u00e9curit\u00e9 de b\u00e9b\u00e9 et maman. En outre, REER est une marque dans le domaine de la s\u00e9curit\u00e9 des enfants avec plus de 90 ans d&rsquo;exp\u00e9rience. Avec une port\u00e9e et une sensibilit\u00e9 de 300m. De plus ce babyphone poss\u00e8de avec veilleuse activable a distance en appuyant sur une touche de l&rsquo;appareil port\u00e9 par la maman.<\/p>\n<p>En outre, maman peut aussi rassurer son b\u00e9b\u00e9 en lui parlant de son babyphone. Le b\u00e9b\u00e9 entendra sa voix alors qu&rsquo;elle est en chemin pour le voir. Avec le babyphone num\u00e9rique Rigi, vous restez en contact permanent avec votre enfant et \u00eates inform\u00e9 \u00e0 tout moment de son \u00e9tat. Ainsi, vous avez toujours une oreille attentive dans la chambre de votre enfant. Le BabyPhone REER permet d&rsquo;\u00eatre proche sans pour autant d\u00e9ranger le sommeil important de votre petit ch\u00e9ri. Des piles rechargeables sont \u00e9galement fournies avec l&rsquo;appareil le rendant pr\u00eat \u00e0 l&#8217;emploi.<\/p>\n","protected":false},"featured_media":1430,"comment_status":"open","ping_status":"closed","template":"","meta":{"site-sidebar-layout":"default","site-content-layout":"default","ast-site-content-layout":"","site-content-style":"","site-sidebar-style":"","ast-global-header-display":"","ast-banner-title-visibility":"","ast-main-header-display":"","ast-hfb-above-header-display":"","ast-hfb-below-header-display":"","ast-hfb-mobile-header-display":"","site-post-title":"","ast-breadcrumbs-content":"","ast-featured-img":"","footer-sml-layout":"","theme-transparent-header-meta":"default","adv-header-id-meta":"","stick-header-meta":"default","header-above-stick-meta":"","header-main-stick-meta":"","header-below-stick-meta":"","astra-migrate-meta-layouts":"","ast-page-background-enabled":"default","ast-page-background-meta":{"desktop":{"background-color":"","background-image":"","background-repeat":"repeat","background-position":"center center","background-size":"auto","background-attachment":"scroll","background-type":"","background-media":"","overlay-type":"","overlay-color":"","overlay-gradient":""},"tablet":{"background-color":"","background-image":"","background-repeat":"repeat","background-position":"center center","background-size":"auto","background-attachment":"scroll","background-type":"","background-media":"","overlay-type":"","overlay-color":"","overlay-gradient":""},"mobile":{"background-color":"","background-image":"","background-repeat":"repeat","background-position":"center center","background-size":"auto","background-attachment":"scroll","background-type":"","background-media":"","overlay-type":"","overlay-color":"","overlay-gradient":""}},"ast-content-background-meta":{"desktop":{"background-color":"var(--ast-global-color-5)","background-image":"","background-repeat":"repeat","background-position":"center center","background-size":"auto","background-attachment":"scroll","background-type":"","background-media":"","overlay-type":"","overlay-color":"","overlay-gradient":""},"tablet":{"background-color":"var(--ast-global-color-5)","background-image":"","background-repeat":"repeat","background-position":"center center","background-size":"auto","background-attachment":"scroll","background-type":"","background-media":"","overlay-type":"","overlay-color":"","overlay-gradient":""},"mobile":{"background-color":"var(--ast-global-color-5)","background-image":"","background-repeat":"repeat","background-position":"center center","background-size":"auto","background-attachment":"scroll","background-type":"","background-media":"","overlay-type":"","overlay-color":"","overlay-gradient":""}}},"product_cat":[55,40,44,51],"product_tag":[47,52,53],"class_list":["post-1394","product","type-product","status-publish","has-post-thumbnail","hentry","product_cat-babyphone-et-babycam","product_cat-promo","product_cat-reer","product_cat-securite-et-confort-bebe","product_tag-reer","product_tag-securite","product_tag-securite-bebe","desktop-align-left","tablet-align-left","mobile-align-left"],"_links":{"self":[{"href":"https:\/\/jouetentunisie.tn\/index.php\/wp-json\/wp\/v2\/product\/1394","targetHints":{"allow":["GET"]}}],"collection":[{"href":"https:\/\/jouetentunisie.tn\/index.php\/wp-json\/wp\/v2\/product"}],"about":[{"href":"https:\/\/jouetentunisie.tn\/index.php\/wp-json\/wp\/v2\/types\/product"}],"replies":[{"embeddable":true,"href":"https:\/\/jouetentunisie.tn\/index.php\/wp-json\/wp\/v2\/comments?post=1394"}],"wp:featuredmedia":[{"embeddable":true,"href":"https:\/\/jouetentunisie.tn\/index.php\/wp-json\/wp\/v2\/media\/1430"}],"wp:attachment":[{"href":"https:\/\/jouetentunisie.tn\/index.php\/wp-json\/wp\/v2\/media?parent=1394"}],"wp:term":[{"taxonomy":"product_cat","embeddable":true,"href":"https:\/\/jouetentunisie.tn\/index.php\/wp-json\/wp\/v2\/product_cat?post=1394"},{"taxonomy":"product_tag","embeddable":true,"href":"https:\/\/jouetentunisie.tn\/index.php\/wp-json\/wp\/v2\/product_tag?post=1394"}],"curies":[{"name":"wp","href":"https:\/\/api.w.org\/{rel}","templated":true}]}}