{"id":1406,"date":"2023-11-23T15:21:58","date_gmt":"2023-11-23T14:21:58","guid":{"rendered":"https:\/\/jouetentunisie.tn\/?post_type=product&#038;p=1406"},"modified":"2023-11-23T15:22:16","modified_gmt":"2023-11-23T14:22:16","slug":"table-activites-unicorn-dolu","status":"publish","type":"product","link":"https:\/\/jouetentunisie.tn\/index.php\/produit\/table-activites-unicorn-dolu\/","title":{"rendered":"Table Activit\u00e9s Unicorn Dolu"},"content":{"rendered":"<p><span style=\"font-size: 16px;\">Table Activit\u00e9s et jeux Unicorn marque Dolu avec 100pcs de grand lego jeu de construction Jumbo block et accessoires. Dimensions Hauteur 77cm \u00b7 Diam\u00e8tre 98cm<\/span><i style=\"font-weight: inherit;\">.<\/i><span style=\"font-size: 16px;\"> Peut \u00eatre utilis\u00e9e pour dessiner. Age \u00e0 partir de 18 mois. La marque Dolu produit aussi d&rsquo;autres articles de type <\/span><a style=\"font-size: 16px; background-color: #ffffff;\" href=\"https:\/\/www.tipirate-store.tn\/categorie-produit\/jeux-educatifs\/\">jeux \u00e9ducatifs<\/a><span style=\"font-size: 16px;\">.<\/span><span style=\"font-size: 16px;\"> Une activit\u00e9 comme le dessin peut \u00eatre un vecteur tr\u00e8s int\u00e9ressant pour d\u00e9velopper la motricit\u00e9 du jeune enfant. Les lego de grande tailles leur permettront de r\u00e9aliser des construction magnifique en fonction de leur d\u00e9sir. Cette table est aussi id\u00e9ale pour les activit\u00e9s de dessin, de loisirs cr\u00e9atifs et de coloriage qui sont les activit\u00e9s pr\u00e9f\u00e9r\u00e9es des enfants dans les classes de maternelles.<\/span><\/p>\n<p><span style=\"font-size: 16px;\">Table Activit\u00e9s et jeux Unicorn marque Dolu<\/span> est l&rsquo;outil id\u00e9ale pour l&rsquo;\u00e9panouissement des enfants. Ils pourront ainsi travailler, dessiner et jouer c\u00f4te \u00e0 c\u00f4te tout en s&rsquo;amusant et avec suffisamment d&rsquo;espace. Notre table d&rsquo;activit\u00e9s multifonctionnelle est en plus durable et a une capacit\u00e9 de charge de pr\u00e9s de 150 kg, cr\u00e9ant un environnement de jeu s\u00fbr pour les enfants. En outre, l&rsquo;absence de coins et sa\u00a0 arrondie les emp\u00eachent de se blesser accidentellement. Table de jeu \u00e0 forme ronde et donc sans risque et tout \u00e0 fait s\u00fbre pour les enfants!<\/p>\n<p><span style=\"font-size: 16px; font-style: normal; font-weight: 400;\">Achetez et commandez en ligne ou d\u00e9couvrez ce jouet dans notre magasin \u00e0 Tunis, Tunisie.<\/span><span style=\"font-size: 16px; font-style: normal; font-weight: 400;\">\u00a0<\/span><\/p>\n<p>Pour plus d&rsquo;informations visiter le site officiel <a href=\"https:\/\/www.dolu.com.tr\/en\/\">Dolu<\/a><\/p>\n","protected":false},"excerpt":{"rendered":"<p>Table Activit\u00e9s et jeux Unicorn marque Dolu avec 100pcs de grand lego jeu de construction Jumbo block et accessoires. Dimensions Hauteur 77cm \u00b7 Diam\u00e8tre 98cm. Peut \u00eatre utilis\u00e9e pour dessiner. Age \u00e0 partir de 18 mois. La marque Dolu produit aussi d&rsquo;autres articles de type jeux \u00e9ducatifs. Une activit\u00e9 comme le dessin peut \u00eatre un vecteur tr\u00e8s int\u00e9ressant pour d\u00e9velopper la motricit\u00e9 du jeune enfant. Les lego de grande tailles leur permettront de r\u00e9aliser des construction magnifique en fonction de leur d\u00e9sir. Cette table est aussi id\u00e9ale pour les activit\u00e9s de dessin, de loisirs cr\u00e9atifs et de coloriage qui sont les activit\u00e9s pr\u00e9f\u00e9r\u00e9es des enfants dans les classes de maternelles.<\/p>\n<p>Table Activit\u00e9s et jeux Unicorn marque Dolu est l&rsquo;outil id\u00e9ale pour l&rsquo;\u00e9panouissement des enfants. Ils pourront ainsi travailler, dessiner et jouer c\u00f4te \u00e0 c\u00f4te tout en s&rsquo;amusant et avec suffisamment d&rsquo;espace. Notre table d&rsquo;activit\u00e9s multifonctionnelle est en plus durable et a une capacit\u00e9 de charge de pr\u00e9s de 150 kg, cr\u00e9ant un environnement de jeu s\u00fbr pour les enfants. En outre, l&rsquo;absence de coins et sa\u00a0 arrondie les emp\u00eachent de se blesser accidentellement. Table de jeu \u00e0 forme ronde et donc sans risque et tout \u00e0 fait s\u00fbre pour les enfants!<\/p>\n","protected":false},"featured_media":1452,"comment_status":"open","ping_status":"closed","template":"","meta":{"site-sidebar-layout":"default","site-content-layout":"default","ast-site-content-layout":"","site-content-style":"","site-sidebar-style":"","ast-global-header-display":"","ast-banner-title-visibility":"","ast-main-header-display":"","ast-hfb-above-header-display":"","ast-hfb-below-header-display":"","ast-hfb-mobile-header-display":"","site-post-title":"","ast-breadcrumbs-content":"","ast-featured-img":"","footer-sml-layout":"","theme-transparent-header-meta":"default","adv-header-id-meta":"","stick-header-meta":"default","header-above-stick-meta":"","header-main-stick-meta":"","header-below-stick-meta":"","astra-migrate-meta-layouts":"","ast-page-background-enabled":"default","ast-page-background-meta":{"desktop":{"background-color":"","background-image":"","background-repeat":"repeat","background-position":"center center","background-size":"auto","background-attachment":"scroll","background-type":"","background-media":"","overlay-type":"","overlay-color":"","overlay-gradient":""},"tablet":{"background-color":"","background-image":"","background-repeat":"repeat","background-position":"center center","background-size":"auto","background-attachment":"scroll","background-type":"","background-media":"","overlay-type":"","overlay-color":"","overlay-gradient":""},"mobile":{"background-color":"","background-image":"","background-repeat":"repeat","background-position":"center center","background-size":"auto","background-attachment":"scroll","background-type":"","background-media":"","overlay-type":"","overlay-color":"","overlay-gradient":""}},"ast-content-background-meta":{"desktop":{"background-color":"var(--ast-global-color-5)","background-image":"","background-repeat":"repeat","background-position":"center center","background-size":"auto","background-attachment":"scroll","background-type":"","background-media":"","overlay-type":"","overlay-color":"","overlay-gradient":""},"tablet":{"background-color":"var(--ast-global-color-5)","background-image":"","background-repeat":"repeat","background-position":"center center","background-size":"auto","background-attachment":"scroll","background-type":"","background-media":"","overlay-type":"","overlay-color":"","overlay-gradient":""},"mobile":{"background-color":"var(--ast-global-color-5)","background-image":"","background-repeat":"repeat","background-position":"center center","background-size":"auto","background-attachment":"scroll","background-type":"","background-media":"","overlay-type":"","overlay-color":"","overlay-gradient":""}}},"product_cat":[27,36,28],"product_tag":[29,38,31,39,33],"class_list":["post-1406","product","type-product","status-publish","has-post-thumbnail","hentry","product_cat-dolu","product_cat-jeux-de-construction","product_cat-jeux-educatifs","product_tag-dolu","product_tag-jeu-de-construction","product_tag-jouet","product_tag-lego","product_tag-unicorn","desktop-align-left","tablet-align-left","mobile-align-left"],"_links":{"self":[{"href":"https:\/\/jouetentunisie.tn\/index.php\/wp-json\/wp\/v2\/product\/1406","targetHints":{"allow":["GET"]}}],"collection":[{"href":"https:\/\/jouetentunisie.tn\/index.php\/wp-json\/wp\/v2\/product"}],"about":[{"href":"https:\/\/jouetentunisie.tn\/index.php\/wp-json\/wp\/v2\/types\/product"}],"replies":[{"embeddable":true,"href":"https:\/\/jouetentunisie.tn\/index.php\/wp-json\/wp\/v2\/comments?post=1406"}],"wp:featuredmedia":[{"embeddable":true,"href":"https:\/\/jouetentunisie.tn\/index.php\/wp-json\/wp\/v2\/media\/1452"}],"wp:attachment":[{"href":"https:\/\/jouetentunisie.tn\/index.php\/wp-json\/wp\/v2\/media?parent=1406"}],"wp:term":[{"taxonomy":"product_cat","embeddable":true,"href":"https:\/\/jouetentunisie.tn\/index.php\/wp-json\/wp\/v2\/product_cat?post=1406"},{"taxonomy":"product_tag","embeddable":true,"href":"https:\/\/jouetentunisie.tn\/index.php\/wp-json\/wp\/v2\/product_tag?post=1406"}],"curies":[{"name":"wp","href":"https:\/\/api.w.org\/{rel}","templated":true}]}}