{"id":1478,"date":"2023-11-23T15:22:24","date_gmt":"2023-11-23T14:22:24","guid":{"rendered":"https:\/\/jouetentunisie.tn\/?post_type=product&#038;p=1478"},"modified":"2023-11-23T15:22:39","modified_gmt":"2023-11-23T14:22:39","slug":"chapeau-protection-shampoing-reer","status":"publish","type":"product","link":"https:\/\/jouetentunisie.tn\/index.php\/produit\/chapeau-protection-shampoing-reer\/","title":{"rendered":"Chapeau protection shampoing REER"},"content":{"rendered":"<p>Chapeau protection des yeux du shampoing de la marque allemande REER. Avec scratch velcro pour faciliter fixation et adapter la taille. Mati\u00e8re tr\u00e8s souple et l\u00e9g\u00e8re permettant en effet plusieurs utilisations. <span class=\"hgKElc\"><span data-contrast=\"auto\"><span style=\"font-size: 16px;\">Le fabriquant REER est le sp\u00e9cialiste des articles pour le confort et la <a style=\"font-size: 16px; background-color: #ffffff;\" href=\"https:\/\/www.tipirate-store.tn\/categorie-produit\/securite-et-confort-bebe\/\">s\u00e9curit\u00e9 de b\u00e9b\u00e9 et maman<\/a>. <\/span><\/span><\/span>Pendant le bain du b\u00e9b\u00e9 on vous conseille d&rsquo;utiliser ce chapeau de protection. Ce chapeau Prot\u00e8ge les yeux de votre b\u00e9b\u00e9 ou enfant en bas \u00e2ge du shampooing et de l&rsquo;eau.<\/p>\n<p>En effet les enfant ont peur de l&rsquo;eau dans les yeux m\u00eame sans shampoing car \u00e0 cause de leur cil il n&rsquo;arrive plus \u00e0 les ouvrir! Gr\u00e2ce Chapeau protection des yeux du shampoing de la marque allemande REER lorsque vous lavez les cheveux de votre b\u00e9b\u00e9, l&rsquo;eau ne coule pas sur le visage du b\u00e9b\u00e9. Pas besoin de fermer les yeux lors du lavage des cheveux. Faites du bain du b\u00e9b\u00e9 une exp\u00e9rience amusante pour les enfants. Suffisamment \u00e9lastique, confortable et flexible pour une utilisation \u00e0 plusieurs reprises. Article indispensable \u00e0 maman pour la toilette du b\u00e9b\u00e9.<\/p>\n<p><span style=\"font-size: 16px; font-style: normal; font-weight: 400;\">Achetez et commandez en ligne ou d\u00e9couvrez cet article de b\u00e9b\u00e9 dans notre magasin de jouets et articles b\u00e9b\u00e9 \u00e0 Tunis, Tunisie.<\/span><span style=\"font-size: 16px; font-style: normal; font-weight: 400;\">\u00a0<\/span><\/p>\n<p>Pour plus d&rsquo;informations visiter le site officiel <a href=\"https:\/\/www.reer.de\/en\">REER<\/a><\/p>\n","protected":false},"excerpt":{"rendered":"<p>Chapeau protection des yeux du shampoing de la marque allemande REER. Avec scratch velcro pour faciliter fixation et adapter la taille. Mati\u00e8re tr\u00e8s souple et l\u00e9g\u00e8re permettant en effet plusieurs utilisations. Le fabriquant REER est le sp\u00e9cialiste des articles pour le confort et la s\u00e9curit\u00e9 de b\u00e9b\u00e9 et maman. Pendant le bain du b\u00e9b\u00e9 on vous conseille d&rsquo;utiliser ce chapeau de protection. Ce chapeau Prot\u00e8ge les yeux de votre b\u00e9b\u00e9 ou enfant en bas \u00e2ge du shampooing et de l&rsquo;eau.<\/p>\n<p>En effet les enfant ont peur de l&rsquo;eau dans les yeux m\u00eame sans shampoing car \u00e0 cause de leur cil il n&rsquo;arrive plus \u00e0 les ouvrir! Gr\u00e2ce Chapeau protection des yeux du shampoing de la marque allemande REER lorsque vous lavez les cheveux de votre b\u00e9b\u00e9, l&rsquo;eau ne coule pas sur le visage du b\u00e9b\u00e9. Pas besoin de fermer les yeux lors du lavage des cheveux. Faites du bain du b\u00e9b\u00e9 une exp\u00e9rience amusante pour les enfants. Suffisamment \u00e9lastique, confortable et flexible pour une utilisation \u00e0 plusieurs reprises. Article indispensable \u00e0 maman pour la toilette du b\u00e9b\u00e9.<\/p>\n","protected":false},"featured_media":1524,"comment_status":"open","ping_status":"closed","template":"","meta":{"site-sidebar-layout":"default","site-content-layout":"default","ast-site-content-layout":"","site-content-style":"","site-sidebar-style":"","ast-global-header-display":"","ast-banner-title-visibility":"","ast-main-header-display":"","ast-hfb-above-header-display":"","ast-hfb-below-header-display":"","ast-hfb-mobile-header-display":"","site-post-title":"","ast-breadcrumbs-content":"","ast-featured-img":"","footer-sml-layout":"","theme-transparent-header-meta":"default","adv-header-id-meta":"","stick-header-meta":"default","header-above-stick-meta":"","header-main-stick-meta":"","header-below-stick-meta":"","astra-migrate-meta-layouts":"","ast-page-background-enabled":"default","ast-page-background-meta":{"desktop":{"background-color":"","background-image":"","background-repeat":"repeat","background-position":"center center","background-size":"auto","background-attachment":"scroll","background-type":"","background-media":"","overlay-type":"","overlay-color":"","overlay-gradient":""},"tablet":{"background-color":"","background-image":"","background-repeat":"repeat","background-position":"center center","background-size":"auto","background-attachment":"scroll","background-type":"","background-media":"","overlay-type":"","overlay-color":"","overlay-gradient":""},"mobile":{"background-color":"","background-image":"","background-repeat":"repeat","background-position":"center center","background-size":"auto","background-attachment":"scroll","background-type":"","background-media":"","overlay-type":"","overlay-color":"","overlay-gradient":""}},"ast-content-background-meta":{"desktop":{"background-color":"var(--ast-global-color-5)","background-image":"","background-repeat":"repeat","background-position":"center center","background-size":"auto","background-attachment":"scroll","background-type":"","background-media":"","overlay-type":"","overlay-color":"","overlay-gradient":""},"tablet":{"background-color":"var(--ast-global-color-5)","background-image":"","background-repeat":"repeat","background-position":"center center","background-size":"auto","background-attachment":"scroll","background-type":"","background-media":"","overlay-type":"","overlay-color":"","overlay-gradient":""},"mobile":{"background-color":"var(--ast-global-color-5)","background-image":"","background-repeat":"repeat","background-position":"center center","background-size":"auto","background-attachment":"scroll","background-type":"","background-media":"","overlay-type":"","overlay-color":"","overlay-gradient":""}}},"product_cat":[44,51],"product_tag":[47,53],"class_list":["post-1478","product","type-product","status-publish","has-post-thumbnail","hentry","product_cat-reer","product_cat-securite-et-confort-bebe","product_tag-reer","product_tag-securite-bebe","desktop-align-left","tablet-align-left","mobile-align-left"],"_links":{"self":[{"href":"https:\/\/jouetentunisie.tn\/index.php\/wp-json\/wp\/v2\/product\/1478","targetHints":{"allow":["GET"]}}],"collection":[{"href":"https:\/\/jouetentunisie.tn\/index.php\/wp-json\/wp\/v2\/product"}],"about":[{"href":"https:\/\/jouetentunisie.tn\/index.php\/wp-json\/wp\/v2\/types\/product"}],"replies":[{"embeddable":true,"href":"https:\/\/jouetentunisie.tn\/index.php\/wp-json\/wp\/v2\/comments?post=1478"}],"wp:featuredmedia":[{"embeddable":true,"href":"https:\/\/jouetentunisie.tn\/index.php\/wp-json\/wp\/v2\/media\/1524"}],"wp:attachment":[{"href":"https:\/\/jouetentunisie.tn\/index.php\/wp-json\/wp\/v2\/media?parent=1478"}],"wp:term":[{"taxonomy":"product_cat","embeddable":true,"href":"https:\/\/jouetentunisie.tn\/index.php\/wp-json\/wp\/v2\/product_cat?post=1478"},{"taxonomy":"product_tag","embeddable":true,"href":"https:\/\/jouetentunisie.tn\/index.php\/wp-json\/wp\/v2\/product_tag?post=1478"}],"curies":[{"name":"wp","href":"https:\/\/api.w.org\/{rel}","templated":true}]}}