{"id":1479,"date":"2023-11-23T15:22:24","date_gmt":"2023-11-23T14:22:24","guid":{"rendered":"https:\/\/jouetentunisie.tn\/?post_type=product&#038;p=1479"},"modified":"2023-11-23T15:22:40","modified_gmt":"2023-11-23T14:22:40","slug":"blocage-refrigerateur-reer","status":"publish","type":"product","link":"https:\/\/jouetentunisie.tn\/index.php\/produit\/blocage-refrigerateur-reer\/","title":{"rendered":"Blocage r\u00e9frig\u00e9rateur REER"},"content":{"rendered":"<p>Blocage r\u00e9frig\u00e9rateur de la marque allemande REER. Installation fonctionnement simple. <span class=\"hgKElc\"><span data-contrast=\"auto\"><span style=\"font-size: 16px;\">Le fabriquant REER est le sp\u00e9cialiste des articles pour le confort et la <a style=\"font-size: 16px; background-color: #ffffff;\" href=\"https:\/\/www.tipirate-store.tn\/categorie-produit\/securite-et-confort-bebe\/\">s\u00e9curit\u00e9 de b\u00e9b\u00e9 et maman<\/a>. Ce produit tr\u00e8s utile emp\u00eache l&rsquo;ouverture de votre r\u00e9frig\u00e9rateur ou cong\u00e9lateur par des enfants curieux et ceci on le sait \u00e0 plusieurs reprises! Syst\u00e8me de fixation par m\u00e9canisme adh\u00e9sif. Parfait pour la porte du r\u00e9frig\u00e9rateur et pour emp\u00eacher le b\u00e9b\u00e9 d&rsquo;avaler quelque chose par la curiosit\u00e9. Mati\u00e8re en plastique et de Couleur blanche pour \u00eatre discret et non visible sur les r\u00e9frig\u00e9rateurs de m\u00eame couleur. Une fois la porte du r\u00e9frig\u00e9rateur bloqu\u00e9e par ce syst\u00e8me, son ouverture sera simple pour un adulte. Permet une protection des b\u00e9b\u00e9 contre les contenus potentiellement nocifs au r\u00e9frig\u00e9rateur.<\/span><\/span><\/span><\/p>\n<p><span class=\"hgKElc\"><span data-contrast=\"auto\"><span style=\"font-size: 16px;\">Article indispensable pour la s\u00e9curit\u00e9 du b\u00e9b\u00e9 \u00e0 la maison et le confort de sa maman. Fabriqu\u00e9 en mati\u00e8re plastique de haute qualit\u00e9 pour une longue r\u00e9sistance. Le Blocage r\u00e9frig\u00e9rateur de la marque allemande REER est tr\u00e8s utile et simple d&rsquo;utilisation! c&rsquo;est un Mod\u00e8le standard et s&rsquo;adapte \u00e0 tous les types de r\u00e9frig\u00e9rateurs modernes.<\/span><\/span><\/span><\/p>\n<p><span style=\"font-size: 16px; font-style: normal; font-weight: 400;\">Achetez et commandez en ligne ou d\u00e9couvrez cet article de b\u00e9b\u00e9 dans notre magasin de jouets et articles b\u00e9b\u00e9 \u00e0 Tunis, Tunisie.<\/span><span style=\"font-size: 16px; font-style: normal; font-weight: 400;\">\u00a0<\/span><\/p>\n<p>Pour plus d&rsquo;informations visiter le site officiel <a href=\"https:\/\/www.reer.de\/en\">REER<\/a><\/p>\n","protected":false},"excerpt":{"rendered":"<p>Blocage r\u00e9frig\u00e9rateur de la marque allemande REER. Installation fonctionnement simple. Le fabriquant REER est le sp\u00e9cialiste des articles pour le confort et la s\u00e9curit\u00e9 de b\u00e9b\u00e9 et maman. Ce produit tr\u00e8s utile emp\u00eache l&rsquo;ouverture de votre r\u00e9frig\u00e9rateur ou cong\u00e9lateur par des enfants curieux et ceci on le sait \u00e0 plusieurs reprises! Syst\u00e8me de fixation par m\u00e9canisme adh\u00e9sif. Parfait pour la porte du r\u00e9frig\u00e9rateur et pour emp\u00eacher le b\u00e9b\u00e9 d&rsquo;avaler quelque chose par la curiosit\u00e9. Mati\u00e8re en plastique et de Couleur blanche. Une fois la porte du r\u00e9frig\u00e9rateur bloqu\u00e9e par ce syst\u00e8me, son ouverture sera simple pour un adulte. Article indispensable pour la s\u00e9curit\u00e9 du b\u00e9b\u00e9 \u00e0 la maison et le confort de sa maman. Fabriqu\u00e9 en mati\u00e8re plastique de haute qualit\u00e9 pour une longue r\u00e9sistance. Blocage r\u00e9frig\u00e9rateur de la marque allemande REER et tr\u00e8s utile et simple d&rsquo;utilisation!<\/p>\n","protected":false},"featured_media":1526,"comment_status":"open","ping_status":"closed","template":"","meta":{"site-sidebar-layout":"default","site-content-layout":"default","ast-site-content-layout":"","site-content-style":"","site-sidebar-style":"","ast-global-header-display":"","ast-banner-title-visibility":"","ast-main-header-display":"","ast-hfb-above-header-display":"","ast-hfb-below-header-display":"","ast-hfb-mobile-header-display":"","site-post-title":"","ast-breadcrumbs-content":"","ast-featured-img":"","footer-sml-layout":"","theme-transparent-header-meta":"default","adv-header-id-meta":"","stick-header-meta":"default","header-above-stick-meta":"","header-main-stick-meta":"","header-below-stick-meta":"","astra-migrate-meta-layouts":"","ast-page-background-enabled":"default","ast-page-background-meta":{"desktop":{"background-color":"","background-image":"","background-repeat":"repeat","background-position":"center center","background-size":"auto","background-attachment":"scroll","background-type":"","background-media":"","overlay-type":"","overlay-color":"","overlay-gradient":""},"tablet":{"background-color":"","background-image":"","background-repeat":"repeat","background-position":"center center","background-size":"auto","background-attachment":"scroll","background-type":"","background-media":"","overlay-type":"","overlay-color":"","overlay-gradient":""},"mobile":{"background-color":"","background-image":"","background-repeat":"repeat","background-position":"center center","background-size":"auto","background-attachment":"scroll","background-type":"","background-media":"","overlay-type":"","overlay-color":"","overlay-gradient":""}},"ast-content-background-meta":{"desktop":{"background-color":"var(--ast-global-color-5)","background-image":"","background-repeat":"repeat","background-position":"center center","background-size":"auto","background-attachment":"scroll","background-type":"","background-media":"","overlay-type":"","overlay-color":"","overlay-gradient":""},"tablet":{"background-color":"var(--ast-global-color-5)","background-image":"","background-repeat":"repeat","background-position":"center center","background-size":"auto","background-attachment":"scroll","background-type":"","background-media":"","overlay-type":"","overlay-color":"","overlay-gradient":""},"mobile":{"background-color":"var(--ast-global-color-5)","background-image":"","background-repeat":"repeat","background-position":"center center","background-size":"auto","background-attachment":"scroll","background-type":"","background-media":"","overlay-type":"","overlay-color":"","overlay-gradient":""}}},"product_cat":[44,51],"product_tag":[47,52,53],"class_list":["post-1479","product","type-product","status-publish","has-post-thumbnail","hentry","product_cat-reer","product_cat-securite-et-confort-bebe","product_tag-reer","product_tag-securite","product_tag-securite-bebe","desktop-align-left","tablet-align-left","mobile-align-left"],"_links":{"self":[{"href":"https:\/\/jouetentunisie.tn\/index.php\/wp-json\/wp\/v2\/product\/1479","targetHints":{"allow":["GET"]}}],"collection":[{"href":"https:\/\/jouetentunisie.tn\/index.php\/wp-json\/wp\/v2\/product"}],"about":[{"href":"https:\/\/jouetentunisie.tn\/index.php\/wp-json\/wp\/v2\/types\/product"}],"replies":[{"embeddable":true,"href":"https:\/\/jouetentunisie.tn\/index.php\/wp-json\/wp\/v2\/comments?post=1479"}],"wp:featuredmedia":[{"embeddable":true,"href":"https:\/\/jouetentunisie.tn\/index.php\/wp-json\/wp\/v2\/media\/1526"}],"wp:attachment":[{"href":"https:\/\/jouetentunisie.tn\/index.php\/wp-json\/wp\/v2\/media?parent=1479"}],"wp:term":[{"taxonomy":"product_cat","embeddable":true,"href":"https:\/\/jouetentunisie.tn\/index.php\/wp-json\/wp\/v2\/product_cat?post=1479"},{"taxonomy":"product_tag","embeddable":true,"href":"https:\/\/jouetentunisie.tn\/index.php\/wp-json\/wp\/v2\/product_tag?post=1479"}],"curies":[{"name":"wp","href":"https:\/\/api.w.org\/{rel}","templated":true}]}}