{"id":1485,"date":"2023-11-23T15:22:25","date_gmt":"2023-11-23T14:22:25","guid":{"rendered":"https:\/\/jouetentunisie.tn\/?post_type=product&#038;p=1485"},"modified":"2023-11-23T15:22:44","modified_gmt":"2023-11-23T14:22:44","slug":"aspirateur-nasal-reer","status":"publish","type":"product","link":"https:\/\/jouetentunisie.tn\/index.php\/produit\/aspirateur-nasal-reer\/","title":{"rendered":"Aspirateur nasal REER"},"content":{"rendered":"<p>Aspirateur nasal lavable et st\u00e9rilisable de la marque Allemande REER. Doux avec le nez du b\u00e9b\u00e9. Sa fonction permet d&rsquo;enlever toutes les s\u00e9cr\u00e9tions nasales de b\u00e9b\u00e9. Quand b\u00e9b\u00e9 est enrhum\u00e9, il est important d&rsquo;ins\u00e9rer de l&rsquo;eau de mer dans son nez et de bien tout aspirer ensuite. En outre, les aspirateurs nasaux permettent de d\u00e9gager les voies respiratoires de votre enfant. <span data-contrast=\"auto\">Une aide extr\u00eamement efficace\u00a0dans la lutte contre le\u00a0<\/span>rhume de chaque enfant.<\/p>\n<p>En outre, l&rsquo;aspirateur nasal aspire le mucus<span data-contrast=\"auto\"> du nez du b\u00e9b\u00e9. Il procurer un soulagement et du r\u00e9pit quand il est enrhum\u00e9. <span style=\"font-size: 16px;\">Le fabriquant REER est le sp\u00e9cialiste des articles pour le confort et la <a style=\"font-size: 16px; background-color: #ffffff;\" href=\"https:\/\/www.tipirate-store.tn\/categorie-produit\/securite-et-confort-bebe\/\">s\u00e9curit\u00e9 de b\u00e9b\u00e9 et maman<\/a>. L\u2019aspirateur nasal de REER est rapide et efficace, tout en \u00e9tant compl\u00e8tement indolore et sans danger. Il permet \u00e9galement de maintenir l\u2019hygi\u00e8ne nasal de votre b\u00e9b\u00e9. Cet d\u2019appareil peut \u00eatre d\u00e9mont\u00e9, lav\u00e9 et d\u00e9sinfect\u00e9 facilement. Gr\u00e2ce \u00e0 la poire manuelle d&rsquo;aspiration, g\u00e9rez la fa\u00e7on dont vous aspirez le mucus tout en prenant soin de votre b\u00e9b\u00e9!\u00a0<\/span><\/span><span data-contrast=\"auto\"><span style=\"font-size: 16px;\"><span class=\"a-list-item\">En outre, c&rsquo;<\/span>est l&rsquo;outil indispensable pour les nouvelles mamans et leur b\u00e9b\u00e9.<\/span><\/span><\/p>\n<p><span style=\"font-size: 16px; font-style: normal; font-weight: 400;\">Achetez et commandez en ligne ou d\u00e9couvrez cet article de b\u00e9b\u00e9 dans notre magasin de jouets et articles b\u00e9b\u00e9 \u00e0 Tunis, Tunisie.<\/span><span style=\"font-size: 16px; font-style: normal; font-weight: 400;\">\u00a0<\/span><\/p>\n<p>Pour plus d&rsquo;informations visiter le site officiel <a href=\"https:\/\/www.reer.de\/en\">REER<\/a><\/p>\n","protected":false},"excerpt":{"rendered":"<p>Aspirateur nasal lavable et st\u00e9rilisable de la marque Allemande REER. Doux avec le nez du b\u00e9b\u00e9. Sa fonction permet d&rsquo;enlever toutes les s\u00e9cr\u00e9tions nasales de b\u00e9b\u00e9. Quand b\u00e9b\u00e9 est enrhum\u00e9, il est important d&rsquo;ins\u00e9rer de l&rsquo;eau de mer dans son nez et de bien tout aspirer ensuite. En outre, les aspirateurs nasaux permettent de d\u00e9gager les voies respiratoires de votre enfant. Une aide extr\u00eamement efficace\u00a0dans la lutte contre le\u00a0rhume de chaque enfant.<\/p>\n<p>En outre, l&rsquo;aspirateur nasal aspire le mucus du nez du b\u00e9b\u00e9. Il procurer un soulagement et du r\u00e9pit quand il est enrhum\u00e9. Le fabriquant REER est le sp\u00e9cialiste des articles pour le confort et la s\u00e9curit\u00e9 de b\u00e9b\u00e9 et maman. L\u2019aspirateur nasal de REER est rapide et efficace, tout en \u00e9tant compl\u00e8tement indolore et sans danger. Il permet \u00e9galement de maintenir l\u2019hygi\u00e8ne nasal de votre b\u00e9b\u00e9. Cet d\u2019appareil peut \u00eatre d\u00e9mont\u00e9, lav\u00e9 et d\u00e9sinfect\u00e9 facilement. Gr\u00e2ce \u00e0 la poire manuelle d&rsquo;aspiration, g\u00e9rez la fa\u00e7on dont vous aspirez le mucus tout en prenant soin de votre b\u00e9b\u00e9!\u00a0En outre, c&rsquo;est l&rsquo;outil indispensable pour les nouvelles mamans et leur b\u00e9b\u00e9.<\/p>\n","protected":false},"featured_media":1536,"comment_status":"open","ping_status":"closed","template":"","meta":{"site-sidebar-layout":"default","site-content-layout":"default","ast-site-content-layout":"","site-content-style":"","site-sidebar-style":"","ast-global-header-display":"","ast-banner-title-visibility":"","ast-main-header-display":"","ast-hfb-above-header-display":"","ast-hfb-below-header-display":"","ast-hfb-mobile-header-display":"","site-post-title":"","ast-breadcrumbs-content":"","ast-featured-img":"","footer-sml-layout":"","theme-transparent-header-meta":"default","adv-header-id-meta":"","stick-header-meta":"default","header-above-stick-meta":"","header-main-stick-meta":"","header-below-stick-meta":"","astra-migrate-meta-layouts":"","ast-page-background-enabled":"default","ast-page-background-meta":{"desktop":{"background-color":"","background-image":"","background-repeat":"repeat","background-position":"center center","background-size":"auto","background-attachment":"scroll","background-type":"","background-media":"","overlay-type":"","overlay-color":"","overlay-gradient":""},"tablet":{"background-color":"","background-image":"","background-repeat":"repeat","background-position":"center center","background-size":"auto","background-attachment":"scroll","background-type":"","background-media":"","overlay-type":"","overlay-color":"","overlay-gradient":""},"mobile":{"background-color":"","background-image":"","background-repeat":"repeat","background-position":"center center","background-size":"auto","background-attachment":"scroll","background-type":"","background-media":"","overlay-type":"","overlay-color":"","overlay-gradient":""}},"ast-content-background-meta":{"desktop":{"background-color":"var(--ast-global-color-5)","background-image":"","background-repeat":"repeat","background-position":"center center","background-size":"auto","background-attachment":"scroll","background-type":"","background-media":"","overlay-type":"","overlay-color":"","overlay-gradient":""},"tablet":{"background-color":"var(--ast-global-color-5)","background-image":"","background-repeat":"repeat","background-position":"center center","background-size":"auto","background-attachment":"scroll","background-type":"","background-media":"","overlay-type":"","overlay-color":"","overlay-gradient":""},"mobile":{"background-color":"var(--ast-global-color-5)","background-image":"","background-repeat":"repeat","background-position":"center center","background-size":"auto","background-attachment":"scroll","background-type":"","background-media":"","overlay-type":"","overlay-color":"","overlay-gradient":""}}},"product_cat":[44,51],"product_tag":[47,53],"class_list":["post-1485","product","type-product","status-publish","has-post-thumbnail","hentry","product_cat-reer","product_cat-securite-et-confort-bebe","product_tag-reer","product_tag-securite-bebe","desktop-align-left","tablet-align-left","mobile-align-left"],"_links":{"self":[{"href":"https:\/\/jouetentunisie.tn\/index.php\/wp-json\/wp\/v2\/product\/1485","targetHints":{"allow":["GET"]}}],"collection":[{"href":"https:\/\/jouetentunisie.tn\/index.php\/wp-json\/wp\/v2\/product"}],"about":[{"href":"https:\/\/jouetentunisie.tn\/index.php\/wp-json\/wp\/v2\/types\/product"}],"replies":[{"embeddable":true,"href":"https:\/\/jouetentunisie.tn\/index.php\/wp-json\/wp\/v2\/comments?post=1485"}],"wp:featuredmedia":[{"embeddable":true,"href":"https:\/\/jouetentunisie.tn\/index.php\/wp-json\/wp\/v2\/media\/1536"}],"wp:attachment":[{"href":"https:\/\/jouetentunisie.tn\/index.php\/wp-json\/wp\/v2\/media?parent=1485"}],"wp:term":[{"taxonomy":"product_cat","embeddable":true,"href":"https:\/\/jouetentunisie.tn\/index.php\/wp-json\/wp\/v2\/product_cat?post=1485"},{"taxonomy":"product_tag","embeddable":true,"href":"https:\/\/jouetentunisie.tn\/index.php\/wp-json\/wp\/v2\/product_tag?post=1485"}],"curies":[{"name":"wp","href":"https:\/\/api.w.org\/{rel}","templated":true}]}}