{"id":1543,"date":"2023-11-23T15:22:47","date_gmt":"2023-11-23T14:22:47","guid":{"rendered":"https:\/\/jouetentunisie.tn\/?post_type=product&#038;p=1543"},"modified":"2023-11-23T15:22:54","modified_gmt":"2023-11-23T14:22:54","slug":"protege-coins-table-reer","status":"publish","type":"product","link":"https:\/\/jouetentunisie.tn\/index.php\/produit\/protege-coins-table-reer\/","title":{"rendered":"Prot\u00e8ge coins table REER"},"content":{"rendered":"<p>Prot\u00e8ge des coins de table 4pcs de la marque Allemande REER. M\u00e9thode de Fixation par adh\u00e9sif simple et durable. Pratique pour <span class=\"a-list-item\">prot\u00e9ger contre les chocs et les blessures sur les coins pointus. Design simple et m<\/span><span style=\"font-size: 16px;\">ontage facile avec retenue s\u00fbre. Fait de m<\/span><span style=\"font-size: 16px;\">at\u00e9riau souple et de structures \u00e0 nervures sp\u00e9ciale qui amortissent le choc en douceur. Le fabriquant REER est sp\u00e9cialiste des articles pour le confort et la <a style=\"font-size: 16px; background-color: #ffffff;\" href=\"https:\/\/www.tipirate-store.tn\/categorie-produit\/securite-et-confort-bebe\/\">s\u00e9curit\u00e9 de b\u00e9b\u00e9 et maman<\/a>. <\/span><\/p>\n<p>En outre, <span class=\"a-list-item\" style=\"font-size: 16px;\">REER est une marque dans le domaine de la s\u00e9curit\u00e9 des enfants avec plus de 90 ans d&rsquo;exp\u00e9rience. Les prot\u00e8ge coins <span class=\"a-list-item\">REER sont un outil indispensable pour toutes les nouvelles maman et leur b\u00e9b\u00e9 afin de s&rsquo;assurer de leur confort et s\u00e9curit\u00e9 et les prot\u00e9ger des accidents! Gr\u00e2ce \u00e0 leur adh\u00e9sif sp\u00e9cial l&rsquo;enl\u00e8vement ult\u00e9rieur ne laisse aucune trace \u00e9galement! Solidit\u00e9 et qualit\u00e9 assur\u00e9e par la marque REER; produit fabriqu\u00e9 en Allemagne! Les prot\u00e8ge coins de table de la marque Allemande REER avec leur couleur transparente les rend discrets et difficilement d\u00e9tectables dans le salon!<\/span><\/span><\/p>\n<p><span style=\"font-size: 16px; font-style: normal; font-weight: 400;\">Achetez et commandez en ligne ou d\u00e9couvrez cet article de b\u00e9b\u00e9 dans notre magasin de jouets et articles b\u00e9b\u00e9 \u00e0 Tunis, Tunisie.<\/span><span style=\"font-size: 16px; font-style: normal; font-weight: 400;\">\u00a0<\/span><\/p>\n<p>Pour plus d&rsquo;informations visiter le site officiel <a href=\"https:\/\/www.reer.de\/en\">REER<\/a><\/p>\n","protected":false},"excerpt":{"rendered":"<p>Prot\u00e8ge des coins de table 4pcs de la marque Allemande REER. M\u00e9thode de Fixation par adh\u00e9sif simple et durable. Pratique pour prot\u00e9ger contre les chocs et les blessures sur les coins pointus. Design simple et montage facile avec retenue s\u00fbre. Fait de mat\u00e9riau souple et de structures \u00e0 nervures sp\u00e9ciale qui amortissent le choc en douceur. Le fabriquant REER est sp\u00e9cialiste des articles pour le confort et la s\u00e9curit\u00e9 de b\u00e9b\u00e9 et maman.<\/p>\n<p>En outre, REER est une marque dans le domaine de la s\u00e9curit\u00e9 des enfants avec plus de 90 ans d&rsquo;exp\u00e9rience. Les prot\u00e8ge coins REER sont un outil indispensable pour toutes les nouvelles maman et leur b\u00e9b\u00e9 afin de s&rsquo;assurer de leur confort et s\u00e9curit\u00e9 et les prot\u00e9ger des accidents! Gr\u00e2ce \u00e0 leur adh\u00e9sif sp\u00e9cial l&rsquo;enl\u00e8vement ult\u00e9rieur ne laisse aucune trace \u00e9galement! Solidit\u00e9 et qualit\u00e9 assur\u00e9e par la marque REER; produit fabriqu\u00e9 en Allemagne! Les prot\u00e8ge coins de table de la marque Allemande REER avec leur couleur transparente les rend discrets et difficilement d\u00e9tectables dans le salon!<\/p>\n","protected":false},"featured_media":1575,"comment_status":"open","ping_status":"closed","template":"","meta":{"site-sidebar-layout":"default","site-content-layout":"default","ast-site-content-layout":"","site-content-style":"","site-sidebar-style":"","ast-global-header-display":"","ast-banner-title-visibility":"","ast-main-header-display":"","ast-hfb-above-header-display":"","ast-hfb-below-header-display":"","ast-hfb-mobile-header-display":"","site-post-title":"","ast-breadcrumbs-content":"","ast-featured-img":"","footer-sml-layout":"","theme-transparent-header-meta":"default","adv-header-id-meta":"","stick-header-meta":"default","header-above-stick-meta":"","header-main-stick-meta":"","header-below-stick-meta":"","astra-migrate-meta-layouts":"","ast-page-background-enabled":"default","ast-page-background-meta":{"desktop":{"background-color":"","background-image":"","background-repeat":"repeat","background-position":"center center","background-size":"auto","background-attachment":"scroll","background-type":"","background-media":"","overlay-type":"","overlay-color":"","overlay-gradient":""},"tablet":{"background-color":"","background-image":"","background-repeat":"repeat","background-position":"center center","background-size":"auto","background-attachment":"scroll","background-type":"","background-media":"","overlay-type":"","overlay-color":"","overlay-gradient":""},"mobile":{"background-color":"","background-image":"","background-repeat":"repeat","background-position":"center center","background-size":"auto","background-attachment":"scroll","background-type":"","background-media":"","overlay-type":"","overlay-color":"","overlay-gradient":""}},"ast-content-background-meta":{"desktop":{"background-color":"var(--ast-global-color-5)","background-image":"","background-repeat":"repeat","background-position":"center center","background-size":"auto","background-attachment":"scroll","background-type":"","background-media":"","overlay-type":"","overlay-color":"","overlay-gradient":""},"tablet":{"background-color":"var(--ast-global-color-5)","background-image":"","background-repeat":"repeat","background-position":"center center","background-size":"auto","background-attachment":"scroll","background-type":"","background-media":"","overlay-type":"","overlay-color":"","overlay-gradient":""},"mobile":{"background-color":"var(--ast-global-color-5)","background-image":"","background-repeat":"repeat","background-position":"center center","background-size":"auto","background-attachment":"scroll","background-type":"","background-media":"","overlay-type":"","overlay-color":"","overlay-gradient":""}}},"product_cat":[44,51],"product_tag":[47,53],"class_list":["post-1543","product","type-product","status-publish","has-post-thumbnail","hentry","product_cat-reer","product_cat-securite-et-confort-bebe","product_tag-reer","product_tag-securite-bebe","desktop-align-left","tablet-align-left","mobile-align-left"],"_links":{"self":[{"href":"https:\/\/jouetentunisie.tn\/index.php\/wp-json\/wp\/v2\/product\/1543","targetHints":{"allow":["GET"]}}],"collection":[{"href":"https:\/\/jouetentunisie.tn\/index.php\/wp-json\/wp\/v2\/product"}],"about":[{"href":"https:\/\/jouetentunisie.tn\/index.php\/wp-json\/wp\/v2\/types\/product"}],"replies":[{"embeddable":true,"href":"https:\/\/jouetentunisie.tn\/index.php\/wp-json\/wp\/v2\/comments?post=1543"}],"wp:featuredmedia":[{"embeddable":true,"href":"https:\/\/jouetentunisie.tn\/index.php\/wp-json\/wp\/v2\/media\/1575"}],"wp:attachment":[{"href":"https:\/\/jouetentunisie.tn\/index.php\/wp-json\/wp\/v2\/media?parent=1543"}],"wp:term":[{"taxonomy":"product_cat","embeddable":true,"href":"https:\/\/jouetentunisie.tn\/index.php\/wp-json\/wp\/v2\/product_cat?post=1543"},{"taxonomy":"product_tag","embeddable":true,"href":"https:\/\/jouetentunisie.tn\/index.php\/wp-json\/wp\/v2\/product_tag?post=1543"}],"curies":[{"name":"wp","href":"https:\/\/api.w.org\/{rel}","templated":true}]}}