{"id":1548,"date":"2023-11-23T15:22:48","date_gmt":"2023-11-23T14:22:48","guid":{"rendered":"https:\/\/jouetentunisie.tn\/?post_type=product&#038;p=1548"},"modified":"2023-11-23T15:22:58","modified_gmt":"2023-11-23T14:22:58","slug":"thermometre-classique-digital-reer","status":"publish","type":"product","link":"https:\/\/jouetentunisie.tn\/index.php\/produit\/thermometre-classique-digital-reer\/","title":{"rendered":"Thermom\u00e8tre classique digital REER"},"content":{"rendered":"<h2>Thermom\u00e8tre classique digital REER<\/h2>\n<p>Thermom\u00e8tre classique et digital de la marque Allemande REER.\u00a0 Le fabriquant Reer est sp\u00e9cialiste des articles pour le confort et la <a href=\"https:\/\/www.tipirate-store.tn\/categorie-produit\/securite-et-confort-bebe\/\">s\u00e9curit\u00e9 de b\u00e9b\u00e9 et maman<\/a>. En outre, <span class=\"a-list-item\">REER est une marque dans le domaine de la s\u00e9curit\u00e9 des enfants avec plus de 90 ans d&rsquo;exp\u00e9rience. <\/span><span style=\"font-size: 16px; font-style: normal; font-weight: 400;\">Hypoallerg\u00e9nique gr\u00e2ce \u00e0 son embout dor\u00e9, Il est particuli\u00e8rement recommand\u00e9 pour la peau de b\u00e9b\u00e9.<\/span><\/p>\n<p><span class=\"a-list-item\">D&rsquo;ailleurs, <\/span><span class=\"a-list-item\">Tous les produits sont test\u00e9s et r\u00e9pondent aux normes de qualit\u00e9 les plus \u00e9lev\u00e9es. Ces<\/span><span class=\"a-list-item\"> produits de s\u00e9curit\u00e9 vous aident \u00e0 prot\u00e9ger votre enfant d\u00e8s le premier jour contre les accidents dangereux! Pr\u00e9sente une <\/span><span class=\"a-list-item\">Courte dur\u00e9e de mesure de moins de20 secondes. De plus, Il est test\u00e9 <\/span><span class=\"a-list-item\">dermatologiquement et p<\/span><span style=\"font-size: 16px;\">articuli\u00e8rement doux pour la peau, convient aux personnes souffrant d&rsquo;allergies. <\/span><\/p>\n<p><span style=\"font-size: 16px;\">D&rsquo;un autre cot\u00e9, il poss\u00e8de une <\/span><span class=\"a-list-item\">Alarme d&rsquo;avertissement sonore lorsque la temp\u00e9rature est &gt;37, 6 c<\/span><span style=\"font-size: 16px; font-style: normal; font-weight: 400;\"> indiquant un d\u00e9but de fi\u00e8vre. En outre, contre l&rsquo;oubli, <\/span><span class=\"a-list-item\">La derni\u00e8re valeur mesur\u00e9e est stock\u00e9e en m\u00e9moire! Le thermom\u00e8tre classique et digital de la marque Allemande REER est un outil indispensable pour toutes les nouvelles maman et son b\u00e9b\u00e9! En outre, il est fournit avec une boite protectrice en plastique transparent et des piles pr\u00eat \u00e0 l&#8217;emploi!. <span style=\"font-size: 16px;\">Dans la m\u00eame cat\u00e9gorie le <a href=\"https:\/\/www.tipirate-store.tn\/produit\/thermometre-sans-contact-reer\/\">thermom\u00e8tre sans contact<\/a> de REER et la <a href=\"https:\/\/www.tipirate-store.tn\/produit\/sucette-thermometre-reer\/\">sucette thermom\u00e8tre<\/a> !<\/span><\/span><\/p>\n<p><span style=\"font-size: 16px; font-style: normal; font-weight: 400;\">Achetez et commandez en ligne ou d\u00e9couvrez cet article de b\u00e9b\u00e9 dans notre magasin de jouets et articles b\u00e9b\u00e9 \u00e0 Tunis, Tunisie.<\/span><span style=\"font-size: 16px; font-style: normal; font-weight: 400;\">\u00a0<\/span><\/p>\n<p>Pour plus d&rsquo;informations visiter le site officiel <a href=\"https:\/\/www.reer.de\/en\">REER<\/a><\/p>\n<p>&nbsp;<\/p>\n","protected":false},"excerpt":{"rendered":"<p>Thermom\u00e8tre classique et digital de la marque Allemande REER.\u00a0 Le fabriquant Reer est sp\u00e9cialiste des articles pour le confort et la s\u00e9curit\u00e9 de b\u00e9b\u00e9 et maman. En outre, REER est une marque dans le domaine de la s\u00e9curit\u00e9 des enfants avec plus de 90 ans d&rsquo;exp\u00e9rience. Hypoallerg\u00e9nique gr\u00e2ce \u00e0 son embout dor\u00e9, Il est particuli\u00e8rement recommand\u00e9 pour la peau de b\u00e9b\u00e9.\u00a0D&rsquo;ailleurs, Tous les produits sont test\u00e9s et r\u00e9pondent aux normes de qualit\u00e9 les plus \u00e9lev\u00e9es. Ces produits de s\u00e9curit\u00e9 vous aident \u00e0 prot\u00e9ger votre enfant d\u00e8s le premier jour contre les accidents dangereux! Pr\u00e9sente une Courte dur\u00e9e de mesure de moins de20 secondes. De plus, Il est test\u00e9 dermatologiquement et particuli\u00e8rement doux pour la peau, convient aux personnes souffrant d&rsquo;allergies.\u00a0D&rsquo;un autre cot\u00e9, il poss\u00e8de une Alarme d&rsquo;avertissement sonore lorsque la temp\u00e9rature est &gt;37, 6 c indiquant un d\u00e9but de fi\u00e8vre. En outre, contre l&rsquo;oubli, La derni\u00e8re valeur mesur\u00e9e est stock\u00e9e en m\u00e9moire! Le thermom\u00e8tre classique et digital de la marque Allemande REER est est outil indispensable pour toutes les nouvelles maman et son b\u00e9b\u00e9!<\/p>\n","protected":false},"featured_media":1583,"comment_status":"open","ping_status":"closed","template":"","meta":{"site-sidebar-layout":"default","site-content-layout":"default","ast-site-content-layout":"","site-content-style":"","site-sidebar-style":"","ast-global-header-display":"","ast-banner-title-visibility":"","ast-main-header-display":"","ast-hfb-above-header-display":"","ast-hfb-below-header-display":"","ast-hfb-mobile-header-display":"","site-post-title":"","ast-breadcrumbs-content":"","ast-featured-img":"","footer-sml-layout":"","theme-transparent-header-meta":"default","adv-header-id-meta":"","stick-header-meta":"default","header-above-stick-meta":"","header-main-stick-meta":"","header-below-stick-meta":"","astra-migrate-meta-layouts":"","ast-page-background-enabled":"default","ast-page-background-meta":{"desktop":{"background-color":"","background-image":"","background-repeat":"repeat","background-position":"center center","background-size":"auto","background-attachment":"scroll","background-type":"","background-media":"","overlay-type":"","overlay-color":"","overlay-gradient":""},"tablet":{"background-color":"","background-image":"","background-repeat":"repeat","background-position":"center center","background-size":"auto","background-attachment":"scroll","background-type":"","background-media":"","overlay-type":"","overlay-color":"","overlay-gradient":""},"mobile":{"background-color":"","background-image":"","background-repeat":"repeat","background-position":"center center","background-size":"auto","background-attachment":"scroll","background-type":"","background-media":"","overlay-type":"","overlay-color":"","overlay-gradient":""}},"ast-content-background-meta":{"desktop":{"background-color":"var(--ast-global-color-5)","background-image":"","background-repeat":"repeat","background-position":"center center","background-size":"auto","background-attachment":"scroll","background-type":"","background-media":"","overlay-type":"","overlay-color":"","overlay-gradient":""},"tablet":{"background-color":"var(--ast-global-color-5)","background-image":"","background-repeat":"repeat","background-position":"center center","background-size":"auto","background-attachment":"scroll","background-type":"","background-media":"","overlay-type":"","overlay-color":"","overlay-gradient":""},"mobile":{"background-color":"var(--ast-global-color-5)","background-image":"","background-repeat":"repeat","background-position":"center center","background-size":"auto","background-attachment":"scroll","background-type":"","background-media":"","overlay-type":"","overlay-color":"","overlay-gradient":""}}},"product_cat":[44,45],"product_tag":[46,47,48],"class_list":["post-1548","product","type-product","status-publish","has-post-thumbnail","hentry","product_cat-reer","product_cat-thermometres","product_tag-digital","product_tag-reer","product_tag-thermometre","desktop-align-left","tablet-align-left","mobile-align-left"],"_links":{"self":[{"href":"https:\/\/jouetentunisie.tn\/index.php\/wp-json\/wp\/v2\/product\/1548","targetHints":{"allow":["GET"]}}],"collection":[{"href":"https:\/\/jouetentunisie.tn\/index.php\/wp-json\/wp\/v2\/product"}],"about":[{"href":"https:\/\/jouetentunisie.tn\/index.php\/wp-json\/wp\/v2\/types\/product"}],"replies":[{"embeddable":true,"href":"https:\/\/jouetentunisie.tn\/index.php\/wp-json\/wp\/v2\/comments?post=1548"}],"wp:featuredmedia":[{"embeddable":true,"href":"https:\/\/jouetentunisie.tn\/index.php\/wp-json\/wp\/v2\/media\/1583"}],"wp:attachment":[{"href":"https:\/\/jouetentunisie.tn\/index.php\/wp-json\/wp\/v2\/media?parent=1548"}],"wp:term":[{"taxonomy":"product_cat","embeddable":true,"href":"https:\/\/jouetentunisie.tn\/index.php\/wp-json\/wp\/v2\/product_cat?post=1548"},{"taxonomy":"product_tag","embeddable":true,"href":"https:\/\/jouetentunisie.tn\/index.php\/wp-json\/wp\/v2\/product_tag?post=1548"}],"curies":[{"name":"wp","href":"https:\/\/api.w.org\/{rel}","templated":true}]}}