{"id":1552,"date":"2023-11-23T15:22:48","date_gmt":"2023-11-23T14:22:48","guid":{"rendered":"https:\/\/jouetentunisie.tn\/?post_type=product&#038;p=1552"},"modified":"2023-11-23T15:23:00","modified_gmt":"2023-11-23T14:23:00","slug":"pot-toilette-3en1-rose-dolu","status":"publish","type":"product","link":"https:\/\/jouetentunisie.tn\/index.php\/produit\/pot-toilette-3en1-rose-dolu\/","title":{"rendered":"Pot toilette 3en1 rose Dolu"},"content":{"rendered":"<h2>Pot de toilette 3en1 Rose de la marque DOLU<\/h2>\n<p>Pot de toilette 3en1 Rose de la marque DOLU. Peut \u00eatre utilis\u00e9 comme escabeau ou si\u00e8ge apr\u00e8s utilisation et lavage.\u00a0 Contient u<span class=\"a-list-item\">n pot, un r\u00e9ducteur et un marchepied. <\/span><span style=\"font-size: 16px;\">R\u00e9ducteur amovible compatible avec les toilettes de taille standard. <\/span>Bac amovible anti \u00e9claboussures facile \u00e0 nettoyer. <span style=\"font-size: 16px;\">Le couvercle au rev\u00eatement granul\u00e9 se replie pour une utilisation comme marchepied ou si\u00e8ge ou escabeau par les tout-petits. <\/span><span class=\"a-list-item\">Base stable antid\u00e9rapante. En outre,\u00a0 <\/span>La marque Dolu produit aussi d&rsquo;autres articles pour la <a href=\"https:\/\/www.tipirate-store.tn\/categorie-produit\/securite-et-confort-bebe\/\">s\u00e9curit\u00e9 et le confort du b\u00e9b\u00e9<\/a>.<\/p>\n<p>L\u2019apprentissage de la propret\u00e9 chez un jeune enfant est importante. C\u2019est pourquoi il faut proposer un pot confortable \u00e0 b\u00e9b\u00e9 comme celui de Dolu. En outre, Il faut que l\u2019enfant soit confortablement install\u00e9 pour apprendre petit \u00e0 petit \u00e0 utiliser des toilettes. Le Pot de toilette Rose de la marque DOLU est id\u00e9al pour ce cas et recommand\u00e9 pour les garderies et cr\u00e8che! En Expliquant et en \u00e9duquant son enfant sur son utilit\u00e9 avec des mots simples, l&rsquo;enfant comprendra rapidement qu\u2019il grandit et aura donc rapidement l&rsquo;envie de faire comme les grands.<\/p>\n<p><span style=\"font-size: 16px; font-style: normal; font-weight: 400;\">Achetez et commandez en ligne ou d\u00e9couvrez ce jouet dans notre magasin \u00e0 Tunis, Tunisie.<\/span><span style=\"font-size: 16px; font-style: normal; font-weight: 400;\">\u00a0<\/span><\/p>\n<p>Pour plus d&rsquo;informations visiter le site officiel <a href=\"https:\/\/www.dolu.com.tr\/en\/\">Dolu<\/a><\/p>\n","protected":false},"excerpt":{"rendered":"<p>Pot de toilette 3en1 Rose de la marque DOLU. Peut \u00eatre utilis\u00e9 comme escabeau ou si\u00e8ge apr\u00e8s utilisation et lavage.\u00a0 Contient un pot, un r\u00e9ducteur et un marchepied. R\u00e9ducteur amovible compatible avec les toilettes de taille standard. Bac amovible anti \u00e9claboussures facile \u00e0 nettoyer. Le couvercle au rev\u00eatement granul\u00e9 se replie pour une utilisation comme marchepied ou si\u00e8ge ou escabeau par les tout-petits. Base stable antid\u00e9rapante.\u00a0La marque Dolu produit aussi d&rsquo;autres articles pour la s\u00e9curit\u00e9 et le confort du b\u00e9b\u00e9.<\/p>\n<p>L\u2019apprentissage de la propret\u00e9 chez un jeune enfant est importante, c\u2019est pourquoi il faut proposer un pot confortable \u00e0 b\u00e9b\u00e9 comme celui de Dolu. Il faut que l\u2019enfant soit confortablement install\u00e9 pour apprendre petit \u00e0 petit \u00e0 utiliser des toilettes. Pot de toilette 3en1 Rose de la marque DOLU est id\u00e9al pour ce cas et recommand\u00e9 pour les garderies et cr\u00e8che!<\/p>\n","protected":false},"featured_media":1592,"comment_status":"open","ping_status":"closed","template":"","meta":{"site-sidebar-layout":"default","site-content-layout":"default","ast-site-content-layout":"","site-content-style":"","site-sidebar-style":"","ast-global-header-display":"","ast-banner-title-visibility":"","ast-main-header-display":"","ast-hfb-above-header-display":"","ast-hfb-below-header-display":"","ast-hfb-mobile-header-display":"","site-post-title":"","ast-breadcrumbs-content":"","ast-featured-img":"","footer-sml-layout":"","theme-transparent-header-meta":"default","adv-header-id-meta":"","stick-header-meta":"default","header-above-stick-meta":"","header-main-stick-meta":"","header-below-stick-meta":"","astra-migrate-meta-layouts":"","ast-page-background-enabled":"default","ast-page-background-meta":{"desktop":{"background-color":"","background-image":"","background-repeat":"repeat","background-position":"center center","background-size":"auto","background-attachment":"scroll","background-type":"","background-media":"","overlay-type":"","overlay-color":"","overlay-gradient":""},"tablet":{"background-color":"","background-image":"","background-repeat":"repeat","background-position":"center center","background-size":"auto","background-attachment":"scroll","background-type":"","background-media":"","overlay-type":"","overlay-color":"","overlay-gradient":""},"mobile":{"background-color":"","background-image":"","background-repeat":"repeat","background-position":"center center","background-size":"auto","background-attachment":"scroll","background-type":"","background-media":"","overlay-type":"","overlay-color":"","overlay-gradient":""}},"ast-content-background-meta":{"desktop":{"background-color":"var(--ast-global-color-5)","background-image":"","background-repeat":"repeat","background-position":"center center","background-size":"auto","background-attachment":"scroll","background-type":"","background-media":"","overlay-type":"","overlay-color":"","overlay-gradient":""},"tablet":{"background-color":"var(--ast-global-color-5)","background-image":"","background-repeat":"repeat","background-position":"center center","background-size":"auto","background-attachment":"scroll","background-type":"","background-media":"","overlay-type":"","overlay-color":"","overlay-gradient":""},"mobile":{"background-color":"var(--ast-global-color-5)","background-image":"","background-repeat":"repeat","background-position":"center center","background-size":"auto","background-attachment":"scroll","background-type":"","background-media":"","overlay-type":"","overlay-color":"","overlay-gradient":""}}},"product_cat":[27,51],"product_tag":[29,53],"class_list":["post-1552","product","type-product","status-publish","has-post-thumbnail","hentry","product_cat-dolu","product_cat-securite-et-confort-bebe","product_tag-dolu","product_tag-securite-bebe","desktop-align-left","tablet-align-left","mobile-align-left"],"_links":{"self":[{"href":"https:\/\/jouetentunisie.tn\/index.php\/wp-json\/wp\/v2\/product\/1552","targetHints":{"allow":["GET"]}}],"collection":[{"href":"https:\/\/jouetentunisie.tn\/index.php\/wp-json\/wp\/v2\/product"}],"about":[{"href":"https:\/\/jouetentunisie.tn\/index.php\/wp-json\/wp\/v2\/types\/product"}],"replies":[{"embeddable":true,"href":"https:\/\/jouetentunisie.tn\/index.php\/wp-json\/wp\/v2\/comments?post=1552"}],"wp:featuredmedia":[{"embeddable":true,"href":"https:\/\/jouetentunisie.tn\/index.php\/wp-json\/wp\/v2\/media\/1592"}],"wp:attachment":[{"href":"https:\/\/jouetentunisie.tn\/index.php\/wp-json\/wp\/v2\/media?parent=1552"}],"wp:term":[{"taxonomy":"product_cat","embeddable":true,"href":"https:\/\/jouetentunisie.tn\/index.php\/wp-json\/wp\/v2\/product_cat?post=1552"},{"taxonomy":"product_tag","embeddable":true,"href":"https:\/\/jouetentunisie.tn\/index.php\/wp-json\/wp\/v2\/product_tag?post=1552"}],"curies":[{"name":"wp","href":"https:\/\/api.w.org\/{rel}","templated":true}]}}