{"id":1562,"date":"2023-11-23T15:22:51","date_gmt":"2023-11-23T14:22:51","guid":{"rendered":"https:\/\/jouetentunisie.tn\/?post_type=product&#038;p=1562"},"modified":"2023-11-23T15:23:08","modified_gmt":"2023-11-23T14:23:08","slug":"jeu-basket-extensible-dolu","status":"publish","type":"product","link":"https:\/\/jouetentunisie.tn\/index.php\/produit\/jeu-basket-extensible-dolu\/","title":{"rendered":"Jeu Basket extensible Dolu"},"content":{"rendered":"<h2>Jeu Basket extensible Dolu<\/h2>\n<p>Jeu de Basket extensible avec support de la marque DOLU, id\u00e9al pour jouer dans le jardin. Dimensions extensibles de 140 \u00e0 170\u00d746,5\u00d749 \u0441\u043c A partir de 3ans. <span style=\"font-size: 16px;\">Le fabriquant Dolu produit aussi plusieurs <a href=\"https:\/\/www.tipirate-store.tn\/categorie-produit\/toboggans-et-exterieur\/\">jouets d&rsquo;exterieur<\/a>. Panier Basket avec support au sol hauteur r\u00e9glable et extensible \u00e0 3 niveaux de la marque Dolu. Dimensions extensible \u00e0 140 cm \u2013 170 cm. Age a partir de 3 ans. Support peut se remplir de sable ou d&rsquo;eau pour une meilleure stabilit\u00e9. Le support au sol contient aussi une poche pour contenir une bouteille d&rsquo;eau permettant aux enfants de boire! Dans la m\u00eame cat\u00e9gorie le <a href=\"https:\/\/www.tipirate-store.tn\/produit\/panier-basket-extensible-matrax\/\">panneau basket extensible matrax<\/a>, le <a href=\"https:\/\/www.tipirate-store.tn\/produit\/mini-panneau-basket-matrax\/\">panneau basket accrochage petit<\/a> et <a href=\"https:\/\/www.tipirate-store.tn\/produit\/midi-panneau-basket-matrax\/\">grand mod\u00e8le<\/a> l!<\/span><\/p>\n<p><span style=\"font-size: 16px;\">Apr\u00e8s avoir mont\u00e9 ce panier de basket en deux trois mouvements, il suffit d&rsquo;ajouter un peu d&rsquo;eau ou sable dans la base pour lui donner de la stabilit\u00e9 et la partie peut commencer ! Votre enfant peut commencer \u00e0 marquer des paniers sur-le-champ. Viser le panier, seul ou \u00e0 plusieurs, stimule son adresse et la pr\u00e9cision de ses gestes. Et pour qu&rsquo;il reste toujours \u00e0 la hauteur de ses talents, ce panier de basket s&rsquo;ajuste en hauteur en fonction de sa taille. Avec le Jeu de Basket extensible \u00e0 3 niveaux de la marque Dolu vous offrez un magnifique Jouet tr\u00e8s facile a d\u00e9monter et se transportant partout ! La partie de basketball se poursuit donc \u00e0 tout moment !<\/span><\/p>\n<p><span style=\"font-size: 16px; font-style: normal; font-weight: 400;\">Achetez et commandez en ligne ou d\u00e9couvrez ce jouet dans notre magasin \u00e0 Tunis, Tunisie.<\/span><span style=\"font-size: 16px; font-style: normal; font-weight: 400;\">\u00a0<\/span><\/p>\n<p>Pour plus d&rsquo;informations visiter le site officiel <a href=\"https:\/\/www.dolu.com.tr\/en\/\">Dolu<\/a><\/p>\n","protected":false},"excerpt":{"rendered":"<p>Jeu de Basket extensible avec support de la marque DOLU, id\u00e9al pour jouer dans le jardin. Dimensions extensibles de 140 \u00e0 170\u00d746,5\u00d749 \u0441\u043c A partir de 3ans. Le fabriquant Dolu produit aussi plusieurs jouets d&rsquo;exterieur. Panier Basket avec support au sol hauteur r\u00e9glable et extensible \u00e0 3 niveaux de la marque Dolu. Dimensions extensible \u00e0 140 cm \u2013 170 cm. Age a partir de 3 ans. Support peut se remplir de sable ou d&rsquo;eau pour une meilleure stabilit\u00e9. Le support au sol contient aussi une poche pour contenir une bouteille d&rsquo;eau permettant aux enfants de boire!<\/p>\n","protected":false},"featured_media":1613,"comment_status":"open","ping_status":"closed","template":"","meta":{"site-sidebar-layout":"default","site-content-layout":"default","ast-site-content-layout":"","site-content-style":"","site-sidebar-style":"","ast-global-header-display":"","ast-banner-title-visibility":"","ast-main-header-display":"","ast-hfb-above-header-display":"","ast-hfb-below-header-display":"","ast-hfb-mobile-header-display":"","site-post-title":"","ast-breadcrumbs-content":"","ast-featured-img":"","footer-sml-layout":"","theme-transparent-header-meta":"default","adv-header-id-meta":"","stick-header-meta":"default","header-above-stick-meta":"","header-main-stick-meta":"","header-below-stick-meta":"","astra-migrate-meta-layouts":"","ast-page-background-enabled":"default","ast-page-background-meta":{"desktop":{"background-color":"","background-image":"","background-repeat":"repeat","background-position":"center center","background-size":"auto","background-attachment":"scroll","background-type":"","background-media":"","overlay-type":"","overlay-color":"","overlay-gradient":""},"tablet":{"background-color":"","background-image":"","background-repeat":"repeat","background-position":"center center","background-size":"auto","background-attachment":"scroll","background-type":"","background-media":"","overlay-type":"","overlay-color":"","overlay-gradient":""},"mobile":{"background-color":"","background-image":"","background-repeat":"repeat","background-position":"center center","background-size":"auto","background-attachment":"scroll","background-type":"","background-media":"","overlay-type":"","overlay-color":"","overlay-gradient":""}},"ast-content-background-meta":{"desktop":{"background-color":"var(--ast-global-color-5)","background-image":"","background-repeat":"repeat","background-position":"center center","background-size":"auto","background-attachment":"scroll","background-type":"","background-media":"","overlay-type":"","overlay-color":"","overlay-gradient":""},"tablet":{"background-color":"var(--ast-global-color-5)","background-image":"","background-repeat":"repeat","background-position":"center center","background-size":"auto","background-attachment":"scroll","background-type":"","background-media":"","overlay-type":"","overlay-color":"","overlay-gradient":""},"mobile":{"background-color":"var(--ast-global-color-5)","background-image":"","background-repeat":"repeat","background-position":"center center","background-size":"auto","background-attachment":"scroll","background-type":"","background-media":"","overlay-type":"","overlay-color":"","overlay-gradient":""}}},"product_cat":[27,62],"product_tag":[29,31],"class_list":["post-1562","product","type-product","status-publish","has-post-thumbnail","hentry","product_cat-dolu","product_cat-toboggans-et-exterieur","product_tag-dolu","product_tag-jouet","product_shipping_class-articles-volumineux","desktop-align-left","tablet-align-left","mobile-align-left"],"_links":{"self":[{"href":"https:\/\/jouetentunisie.tn\/index.php\/wp-json\/wp\/v2\/product\/1562","targetHints":{"allow":["GET"]}}],"collection":[{"href":"https:\/\/jouetentunisie.tn\/index.php\/wp-json\/wp\/v2\/product"}],"about":[{"href":"https:\/\/jouetentunisie.tn\/index.php\/wp-json\/wp\/v2\/types\/product"}],"replies":[{"embeddable":true,"href":"https:\/\/jouetentunisie.tn\/index.php\/wp-json\/wp\/v2\/comments?post=1562"}],"wp:featuredmedia":[{"embeddable":true,"href":"https:\/\/jouetentunisie.tn\/index.php\/wp-json\/wp\/v2\/media\/1613"}],"wp:attachment":[{"href":"https:\/\/jouetentunisie.tn\/index.php\/wp-json\/wp\/v2\/media?parent=1562"}],"wp:term":[{"taxonomy":"product_cat","embeddable":true,"href":"https:\/\/jouetentunisie.tn\/index.php\/wp-json\/wp\/v2\/product_cat?post=1562"},{"taxonomy":"product_tag","embeddable":true,"href":"https:\/\/jouetentunisie.tn\/index.php\/wp-json\/wp\/v2\/product_tag?post=1562"}],"curies":[{"name":"wp","href":"https:\/\/api.w.org\/{rel}","templated":true}]}}