{"id":1565,"date":"2023-11-23T15:22:51","date_gmt":"2023-11-23T14:22:51","guid":{"rendered":"https:\/\/jouetentunisie.tn\/?post_type=product&#038;p=1565"},"modified":"2023-11-23T15:23:10","modified_gmt":"2023-11-23T14:23:10","slug":"camion-et-lego-dolu","status":"publish","type":"product","link":"https:\/\/jouetentunisie.tn\/index.php\/produit\/camion-et-lego-dolu\/","title":{"rendered":"Camion et Lego Dolu"},"content":{"rendered":"<p>Maxi Camion et grands Lego blocks color\u00e9s 50pcs de la marque Dolu.\u00a0 Dimensions 31 X 31 X 69 CM. Un camion de travaux publics muni d&rsquo;une pelle et d&rsquo;une benne inclinables et garni de 50 briques de grande taille. En voil\u00e0 un beau camion pour votre enfant ! La marque Dolu est un fabriquant qui produit plusieurs <a href=\"https:\/\/www.tipirate-store.tn\/categorie-produit\/jeux-de-role-garcons\/\">jeu de r\u00f4le gar\u00e7ons<\/a>. <span style=\"font-size: 16px;\">Un Maxi camion comme celui l\u00e0 peut \u00eatre offert pour n&rsquo;importe quelle occasion : anniversaire, r\u00e9ussite scolaire\u2026 Il est id\u00e9al pour jouer \u00e0 l&rsquo;ext\u00e9rieur et notamment lors des vacances \u00e0 la plage, mais aussi \u00e0 l&rsquo;int\u00e9rieur. <\/span><span style=\"font-size: 16px;\">Ce camion jouet est une reproduction ludique des engins de chantier du m\u00eame nom.<\/span><\/p>\n<p><span style=\"font-size: 16px;\">Par ailleurs, Il permet par exemple de transporter la terre et le sable et de d\u00e9placer la mati\u00e8re et de la verser gr\u00e2ce a sa benne basculante! Peu importe l\u2019\u00e2ge de l\u2019enfant, tous ses d\u00e9sirs de cr\u00e9ation seront combl\u00e9s par ce maxi camion jouet. En outre, le camion et lego marque Dolu est un cadeau parfait et fera ravir tous les gar\u00e7ons. Les camions sont des engins qui, curieusement, fascinent les enfants, notamment les petits gar\u00e7ons. <\/span><\/p>\n<p>De plus, gr\u00e2ce au 50 pcs de lego briques votre enfant pourra s&rsquo;amuser \u00e0 cr\u00e9er beaucoup de structures et de formes et lui permettra de d\u00e9velopper son imagination et sa cr\u00e9ativit\u00e9!\u2026 . Imaginez les tonnes de choses que votre enfant peut faire avec.<\/p>\n<p><span style=\"font-size: 16px; font-style: normal; font-weight: 400;\">Achetez et commandez en ligne ou d\u00e9couvrez ce jouet dans notre magasin \u00e0 Tunis, Tunisie.<\/span><span style=\"font-size: 16px; font-style: normal; font-weight: 400;\">\u00a0<\/span><\/p>\n<p>Pour plus d&rsquo;informations visiter le site officiel <a href=\"https:\/\/www.dolu.com.tr\/en\/\">Dolu<\/a><\/p>\n","protected":false},"excerpt":{"rendered":"<p>Maxi Camion et grands Lego blocks color\u00e9s 50pcs de la marque Dolu.\u00a0 Dimensions 31 X 31 X 69 CM. Un camion de travaux publics muni d&rsquo;une pelle et d&rsquo;une benne inclinables et garni de 50 briques de grande taille. En voil\u00e0 un beau camion pour votre enfant ! La marque Dolu est un fabriquant qui produit plusieurs jeu de r\u00f4le gar\u00e7ons. Un Maxi camion comme celui l\u00e0 peut \u00eatre offert pour n&rsquo;importe quelle occasion : anniversaire, r\u00e9ussite scolaire\u2026 Il est id\u00e9al pour jouer \u00e0 l&rsquo;ext\u00e9rieur et notamment lors des vacances \u00e0 la plage, mais aussi \u00e0 l&rsquo;int\u00e9rieur. Ce camion jouet est une reproduction ludique des engins de chantier du m\u00eame nom.<\/p>\n<p>Par ailleurs, Il permet par exemple de transporter la terre et le sable et de d\u00e9placer la mati\u00e8re et de la verser gr\u00e2ce a sa benne basculante! Peu importe l\u2019\u00e2ge de l\u2019enfant, tous ses d\u00e9sirs de cr\u00e9ation seront combl\u00e9s par ce maxi camion jouet. En outre, le camion et lego marque Dolu est un cadeau parfait et fera ravir tous les gar\u00e7ons. Les camions sont des engins qui, curieusement, fascinent les enfants, notamment les petits gar\u00e7ons.<\/p>\n","protected":false},"featured_media":1619,"comment_status":"open","ping_status":"closed","template":"","meta":{"site-sidebar-layout":"default","site-content-layout":"default","ast-site-content-layout":"","site-content-style":"","site-sidebar-style":"","ast-global-header-display":"","ast-banner-title-visibility":"","ast-main-header-display":"","ast-hfb-above-header-display":"","ast-hfb-below-header-display":"","ast-hfb-mobile-header-display":"","site-post-title":"","ast-breadcrumbs-content":"","ast-featured-img":"","footer-sml-layout":"","theme-transparent-header-meta":"default","adv-header-id-meta":"","stick-header-meta":"default","header-above-stick-meta":"","header-main-stick-meta":"","header-below-stick-meta":"","astra-migrate-meta-layouts":"","ast-page-background-enabled":"default","ast-page-background-meta":{"desktop":{"background-color":"","background-image":"","background-repeat":"repeat","background-position":"center center","background-size":"auto","background-attachment":"scroll","background-type":"","background-media":"","overlay-type":"","overlay-color":"","overlay-gradient":""},"tablet":{"background-color":"","background-image":"","background-repeat":"repeat","background-position":"center center","background-size":"auto","background-attachment":"scroll","background-type":"","background-media":"","overlay-type":"","overlay-color":"","overlay-gradient":""},"mobile":{"background-color":"","background-image":"","background-repeat":"repeat","background-position":"center center","background-size":"auto","background-attachment":"scroll","background-type":"","background-media":"","overlay-type":"","overlay-color":"","overlay-gradient":""}},"ast-content-background-meta":{"desktop":{"background-color":"var(--ast-global-color-5)","background-image":"","background-repeat":"repeat","background-position":"center center","background-size":"auto","background-attachment":"scroll","background-type":"","background-media":"","overlay-type":"","overlay-color":"","overlay-gradient":""},"tablet":{"background-color":"var(--ast-global-color-5)","background-image":"","background-repeat":"repeat","background-position":"center center","background-size":"auto","background-attachment":"scroll","background-type":"","background-media":"","overlay-type":"","overlay-color":"","overlay-gradient":""},"mobile":{"background-color":"var(--ast-global-color-5)","background-image":"","background-repeat":"repeat","background-position":"center center","background-size":"auto","background-attachment":"scroll","background-type":"","background-media":"","overlay-type":"","overlay-color":"","overlay-gradient":""}}},"product_cat":[27,36,40],"product_tag":[29,38,31],"class_list":["post-1565","product","type-product","status-publish","has-post-thumbnail","hentry","product_cat-dolu","product_cat-jeux-de-construction","product_cat-promo","product_tag-dolu","product_tag-jeu-de-construction","product_tag-jouet","product_shipping_class-articles-tres-volumineux","desktop-align-left","tablet-align-left","mobile-align-left"],"_links":{"self":[{"href":"https:\/\/jouetentunisie.tn\/index.php\/wp-json\/wp\/v2\/product\/1565","targetHints":{"allow":["GET"]}}],"collection":[{"href":"https:\/\/jouetentunisie.tn\/index.php\/wp-json\/wp\/v2\/product"}],"about":[{"href":"https:\/\/jouetentunisie.tn\/index.php\/wp-json\/wp\/v2\/types\/product"}],"replies":[{"embeddable":true,"href":"https:\/\/jouetentunisie.tn\/index.php\/wp-json\/wp\/v2\/comments?post=1565"}],"wp:featuredmedia":[{"embeddable":true,"href":"https:\/\/jouetentunisie.tn\/index.php\/wp-json\/wp\/v2\/media\/1619"}],"wp:attachment":[{"href":"https:\/\/jouetentunisie.tn\/index.php\/wp-json\/wp\/v2\/media?parent=1565"}],"wp:term":[{"taxonomy":"product_cat","embeddable":true,"href":"https:\/\/jouetentunisie.tn\/index.php\/wp-json\/wp\/v2\/product_cat?post=1565"},{"taxonomy":"product_tag","embeddable":true,"href":"https:\/\/jouetentunisie.tn\/index.php\/wp-json\/wp\/v2\/product_tag?post=1565"}],"curies":[{"name":"wp","href":"https:\/\/api.w.org\/{rel}","templated":true}]}}