{"id":1567,"date":"2023-11-23T15:22:52","date_gmt":"2023-11-23T14:22:52","guid":{"rendered":"https:\/\/jouetentunisie.tn\/?post_type=product&#038;p=1567"},"modified":"2023-11-23T15:23:11","modified_gmt":"2023-11-23T14:23:11","slug":"tractopelle-dolu","status":"publish","type":"product","link":"https:\/\/jouetentunisie.tn\/index.php\/produit\/tractopelle-dolu\/","title":{"rendered":"Tractopelle Dolu"},"content":{"rendered":"<p>Tractopelle de marque Dolu avec pelle fonctionnelle manuellement. Dimensions 50 x 20 x 22cm.\u00a0<span style=\"font-size: 16px; font-style: normal; font-weight: 400;\">A partir de 3 ans et plus. <\/span><span style=\"font-size: 16px;\">Un jouet tractopelle peut \u00eatre offert pour n&rsquo;importe quelle occasion : anniversaire, r\u00e9ussite scolaire\u2026 Il est id\u00e9al pour jouer \u00e0 l&rsquo;ext\u00e9rieur et notamment lors des vacances \u00e0 la plage, mais aussi \u00e0 l&rsquo;int\u00e9rieur avec notamment des petits mod\u00e8les \u00e0 utiliser sur un tapis de circuit. La marque Dolu est un fabriquant qui produit plusieurs <\/span><a style=\"font-size: 16px; background-color: #ffffff;\" href=\"https:\/\/www.tipirate-store.tn\/categorie-produit\/jeux-de-role-garcons\/\">jeu de r\u00f4le gar\u00e7ons<\/a><span style=\"font-size: 16px;\">. <\/span><span style=\"font-size: 16px;\">Un jouet tractopelle est une reproduction ludique des engins de chantier du m\u00eame nom.<\/span><\/p>\n<p><span style=\"font-size: 16px;\"> Il permet par exemple de creuser la terre et le sable et de d\u00e9placer la mati\u00e8re gr\u00e2ce \u00e0 son bras articul\u00e9. Ce type de jouet peut d\u00e9placer des marchandises, construire, devenir un moyen de locomotion, tout peut \u00eatre imagin\u00e9! Peu importe l\u2019\u00e2ge de l\u2019enfant, tous ses d\u00e9sirs de cr\u00e9ation seront combl\u00e9s par une pelleteuse en jouet. La Tractopelle de marque Dolu est un cadeau parfait et fera ravir tous les gar\u00e7ons. Les tractopelles sont des engins qui, curieusement, fascinent les enfants, notamment les petits gar\u00e7ons. <\/span><\/p>\n<p>En outre, Il y en a m\u00eame qui r\u00eavent de conduire ce type de gros v\u00e9hicule. Si vous trouvez d\u00e9j\u00e0 cette envie dans votre enfant, pourquoi ne pas cultiver cela d\u00e8s maintenant en lui offrant une tractopelle! Vous verrez \u00e0 quel point votre petit tr\u00e9sor sera heureux d\u2019en recevoir une. en effet, il a bien raison, puisqu\u2019il s\u2019agit d\u2019un jouet multit\u00e2che qui accomplit monts et merveilles comme ramasser, \u00e9jecter, rouler, pousser\u2026 . Imaginez les tonnes de choses que votre enfant peut faire avec.<\/p>\n<p><span style=\"font-size: 16px; font-style: normal; font-weight: 400;\">Achetez et commandez en ligne ou d\u00e9couvrez ce jouet dans notre magasin \u00e0 Tunis, Tunisie.<\/span><span style=\"font-size: 16px; font-style: normal; font-weight: 400;\">\u00a0<\/span><\/p>\n<p>Pour plus d&rsquo;informations visiter le site officiel <a href=\"https:\/\/www.dolu.com.tr\/en\/\">Dolu<\/a><\/p>\n","protected":false},"excerpt":{"rendered":"<p>Tractopelle de marque Dolu avec pelle fonctionnelle manuellement. Dimensions 50 x 20 x 22cm.\u00a0A partir de 3 ans et plus. Un jouet tractopelle peut \u00eatre offert pour n&rsquo;importe quelle occasion : anniversaire, r\u00e9ussite scolaire\u2026 Il est id\u00e9al pour jouer \u00e0 l&rsquo;ext\u00e9rieur et notamment lors des vacances \u00e0 la plage, mais aussi \u00e0 l&rsquo;int\u00e9rieur avec notamment des petits mod\u00e8les \u00e0 utiliser sur un tapis de circuit. La marque Dolu est un fabriquant qui produit plusieurs jeu de r\u00f4le gar\u00e7ons. Un jouet tractopelle est une reproduction ludique des engins de chantier du m\u00eame nom.<\/p>\n<p>Il permet par exemple de creuser la terre et le sable et de d\u00e9placer la mati\u00e8re gr\u00e2ce \u00e0 son bras articul\u00e9. Ce type de jouet peut d\u00e9placer des marchandises, construire, devenir un moyen de locomotion, tout peut \u00eatre imagin\u00e9! Peu importe l\u2019\u00e2ge de l\u2019enfant, tous ses d\u00e9sirs de cr\u00e9ation seront combl\u00e9s par une pelleteuse en jouet. La Tractopelle de marque Dolu est un cadeau parfait et fera ravir tous les gar\u00e7ons. Les tractopelles sont des engins qui, curieusement, fascinent les enfants, notamment les petits gar\u00e7ons.<\/p>\n","protected":false},"featured_media":1622,"comment_status":"open","ping_status":"closed","template":"","meta":{"site-sidebar-layout":"default","site-content-layout":"default","ast-site-content-layout":"default","site-content-style":"default","site-sidebar-style":"default","ast-global-header-display":"","ast-banner-title-visibility":"","ast-main-header-display":"","ast-hfb-above-header-display":"","ast-hfb-below-header-display":"","ast-hfb-mobile-header-display":"","site-post-title":"","ast-breadcrumbs-content":"","ast-featured-img":"","footer-sml-layout":"","theme-transparent-header-meta":"default","adv-header-id-meta":"","stick-header-meta":"default","header-above-stick-meta":"","header-main-stick-meta":"","header-below-stick-meta":"","astra-migrate-meta-layouts":"set","ast-page-background-enabled":"default","ast-page-background-meta":{"desktop":{"background-color":"","background-image":"","background-repeat":"repeat","background-position":"center center","background-size":"auto","background-attachment":"scroll","background-type":"","background-media":"","overlay-type":"","overlay-color":"","overlay-gradient":""},"tablet":{"background-color":"","background-image":"","background-repeat":"repeat","background-position":"center center","background-size":"auto","background-attachment":"scroll","background-type":"","background-media":"","overlay-type":"","overlay-color":"","overlay-gradient":""},"mobile":{"background-color":"","background-image":"","background-repeat":"repeat","background-position":"center center","background-size":"auto","background-attachment":"scroll","background-type":"","background-media":"","overlay-type":"","overlay-color":"","overlay-gradient":""}},"ast-content-background-meta":{"desktop":{"background-color":"var(--ast-global-color-5)","background-image":"","background-repeat":"repeat","background-position":"center center","background-size":"auto","background-attachment":"scroll","background-type":"","background-media":"","overlay-type":"","overlay-color":"","overlay-gradient":""},"tablet":{"background-color":"var(--ast-global-color-5)","background-image":"","background-repeat":"repeat","background-position":"center center","background-size":"auto","background-attachment":"scroll","background-type":"","background-media":"","overlay-type":"","overlay-color":"","overlay-gradient":""},"mobile":{"background-color":"var(--ast-global-color-5)","background-image":"","background-repeat":"repeat","background-position":"center center","background-size":"auto","background-attachment":"scroll","background-type":"","background-media":"","overlay-type":"","overlay-color":"","overlay-gradient":""}}},"product_cat":[27,58],"product_tag":[29,31],"class_list":["post-1567","product","type-product","status-publish","has-post-thumbnail","hentry","product_cat-dolu","product_cat-jeux-de-role-garcons","product_tag-dolu","product_tag-jouet","desktop-align-left","tablet-align-left","mobile-align-left"],"_links":{"self":[{"href":"https:\/\/jouetentunisie.tn\/index.php\/wp-json\/wp\/v2\/product\/1567","targetHints":{"allow":["GET"]}}],"collection":[{"href":"https:\/\/jouetentunisie.tn\/index.php\/wp-json\/wp\/v2\/product"}],"about":[{"href":"https:\/\/jouetentunisie.tn\/index.php\/wp-json\/wp\/v2\/types\/product"}],"replies":[{"embeddable":true,"href":"https:\/\/jouetentunisie.tn\/index.php\/wp-json\/wp\/v2\/comments?post=1567"}],"wp:featuredmedia":[{"embeddable":true,"href":"https:\/\/jouetentunisie.tn\/index.php\/wp-json\/wp\/v2\/media\/1622"}],"wp:attachment":[{"href":"https:\/\/jouetentunisie.tn\/index.php\/wp-json\/wp\/v2\/media?parent=1567"}],"wp:term":[{"taxonomy":"product_cat","embeddable":true,"href":"https:\/\/jouetentunisie.tn\/index.php\/wp-json\/wp\/v2\/product_cat?post=1567"},{"taxonomy":"product_tag","embeddable":true,"href":"https:\/\/jouetentunisie.tn\/index.php\/wp-json\/wp\/v2\/product_tag?post=1567"}],"curies":[{"name":"wp","href":"https:\/\/api.w.org\/{rel}","templated":true}]}}