{"id":1627,"date":"2023-11-23T15:23:13","date_gmt":"2023-11-23T14:23:13","guid":{"rendered":"https:\/\/jouetentunisie.tn\/?post_type=product&#038;p=1627"},"modified":"2023-11-23T15:23:21","modified_gmt":"2023-11-23T14:23:21","slug":"cheval-unicorn-dolu","status":"publish","type":"product","link":"https:\/\/jouetentunisie.tn\/index.php\/produit\/cheval-unicorn-dolu\/","title":{"rendered":"Cheval Unicorn Dolu"},"content":{"rendered":"<p>Cheval \u00e0 bascule Unicorn 2 en 1 de la marque Dolu. Dimensions 48 x 71 x 33.5 cm. A partir de 2ans. Peut s&rsquo;utiliser comme cheval \u00e0 bascule mais aussi gr\u00e2ce \u00e0 ses roues comme porteur et permettre \u00e0 l&rsquo;enfant de rouler avec partout en poussant avec ses pieds! De plus, la marque Dolu est un fabriquant qui produit plusieurs <a href=\"https:\/\/www.tipirate-store.tn\/categorie-produit\/porteurs-et-voitures-a-pedales\/\">porteurs et voitures \u00e0 p\u00e9dales<\/a>. Les jouets chevaux \u00e0 bascule sont aussi un excellent moyen pour relaxer et calmer un enfant. Le mouvement de balancement est particuli\u00e8rement apaisant pour lui. S&rsquo;il a faim, s&rsquo;il a peur, s&rsquo;il pleure, s&rsquo;il est contrari\u00e9, cela sera tr\u00e8s efficace pour l&rsquo;apaiser. C&rsquo;est un jouet sur lequel l&rsquo;enfant s&rsquo;assoit \u00e0 califourchon sur une selle, bien en appui sur le support. Il peut se balancer d\u2019avant en arri\u00e8re gr\u00e2ce au mouvement qu\u2019il produit avec son corps. Une bascule premier \u00e2ge est un excellent moyen d\u2019accompagner via le jeu, le b\u00e9b\u00e9 au cours de son d\u00e9veloppement psychomoteur. Il doit r\u00e9aliser par lui-m\u00eame des mouvements d&rsquo;avant en arri\u00e8re en prenant appui sur ses deux pieds pour cr\u00e9er un balancement.<\/p>\n<p>En premier lieu, il va d\u00e9velopper sa motricit\u00e9 globale. Il utilise en effet toute la musculature de son corps pour faire ce va-et-vient. Il va aussi am\u00e9liorer sa dext\u00e9rit\u00e9 fine gr\u00e2ce aux mouvements du guidon avec ses mains et avec ses doigts. En r\u00e9alisant toutes ces actions sur son cheval \u00e0 bascule, il va \u00e9galement favoriser la coordination entre ses mains, ses bras, ses pieds et ses jambes. Tous ces mouvements lui seront utiles lors de l&rsquo;apprentissage de la marche. La solidit\u00e9 de ce jouet n&rsquo;est plus \u00e0 prouver! il r\u00e9pond \u00e0 toutes les normes internationales!<\/p>\n<p><span style=\"font-size: 16px; font-style: normal; font-weight: 400;\">Achetez et commandez en ligne ou d\u00e9couvrez ce jouet dans notre magasin \u00e0 Tunis, Tunisie.<\/span><span style=\"font-size: 16px; font-style: normal; font-weight: 400;\">\u00a0<\/span><\/p>\n<p>Pour plus d&rsquo;informations visiter le site officiel <a href=\"https:\/\/www.dolu.com.tr\/en\/\">Dolu<\/a><\/p>\n","protected":false},"excerpt":{"rendered":"<p>Cheval \u00e0 bascule Unicorn 2 en 1 de la marque Dolu. Dimensions 48 x 71 x 33.5 cm. A partir de 2ans. Peut s&rsquo;utiliser comme cheval \u00e0 bascule mais aussi gr\u00e2ce \u00e0 ses roues comme porteur et permettre \u00e0 l&rsquo;enfant de rouler avec partout en poussant avec ses pieds! De plus, la marque Dolu est un fabriquant qui produit plusieurs porteurs et voitures \u00e0 p\u00e9dales. Les jouets chevaux \u00e0 bascule sont aussi un excellent moyen pour relaxer et calmer un enfant. Le mouvement de balancement est particuli\u00e8rement apaisant pour lui. S&rsquo;il a faim, s&rsquo;il a peur, s&rsquo;il pleure, s&rsquo;il est contrari\u00e9, cela sera tr\u00e8s efficace pour l&rsquo;apaiser. Il peut se balancer d\u2019avant en arri\u00e8re gr\u00e2ce au mouvement qu\u2019il produit avec son corps. Une bascule premier \u00e2ge est un excellent moyen d\u2019accompagner via le jeu, le b\u00e9b\u00e9 au cours de son d\u00e9veloppement psychomoteur. Il doit r\u00e9aliser par lui-m\u00eame des mouvements d&rsquo;avant en arri\u00e8re en prenant appui sur ses deux pieds pour cr\u00e9er un balancement.<\/p>\n","protected":false},"featured_media":1658,"comment_status":"open","ping_status":"closed","template":"","meta":{"site-sidebar-layout":"default","site-content-layout":"default","ast-site-content-layout":"default","site-content-style":"default","site-sidebar-style":"default","ast-global-header-display":"","ast-banner-title-visibility":"","ast-main-header-display":"","ast-hfb-above-header-display":"","ast-hfb-below-header-display":"","ast-hfb-mobile-header-display":"","site-post-title":"","ast-breadcrumbs-content":"","ast-featured-img":"","footer-sml-layout":"","theme-transparent-header-meta":"default","adv-header-id-meta":"","stick-header-meta":"default","header-above-stick-meta":"","header-main-stick-meta":"","header-below-stick-meta":"","astra-migrate-meta-layouts":"set","ast-page-background-enabled":"default","ast-page-background-meta":{"desktop":{"background-color":"","background-image":"","background-repeat":"repeat","background-position":"center center","background-size":"auto","background-attachment":"scroll","background-type":"","background-media":"","overlay-type":"","overlay-color":"","overlay-gradient":""},"tablet":{"background-color":"","background-image":"","background-repeat":"repeat","background-position":"center center","background-size":"auto","background-attachment":"scroll","background-type":"","background-media":"","overlay-type":"","overlay-color":"","overlay-gradient":""},"mobile":{"background-color":"","background-image":"","background-repeat":"repeat","background-position":"center center","background-size":"auto","background-attachment":"scroll","background-type":"","background-media":"","overlay-type":"","overlay-color":"","overlay-gradient":""}},"ast-content-background-meta":{"desktop":{"background-color":"var(--ast-global-color-5)","background-image":"","background-repeat":"repeat","background-position":"center center","background-size":"auto","background-attachment":"scroll","background-type":"","background-media":"","overlay-type":"","overlay-color":"","overlay-gradient":""},"tablet":{"background-color":"var(--ast-global-color-5)","background-image":"","background-repeat":"repeat","background-position":"center center","background-size":"auto","background-attachment":"scroll","background-type":"","background-media":"","overlay-type":"","overlay-color":"","overlay-gradient":""},"mobile":{"background-color":"var(--ast-global-color-5)","background-image":"","background-repeat":"repeat","background-position":"center center","background-size":"auto","background-attachment":"scroll","background-type":"","background-media":"","overlay-type":"","overlay-color":"","overlay-gradient":""}}},"product_cat":[27,35],"product_tag":[29,31,42,33],"class_list":["post-1627","product","type-product","status-publish","has-post-thumbnail","hentry","product_cat-dolu","product_cat-porteurs-et-voitures-a-pedales","product_tag-dolu","product_tag-jouet","product_tag-porteur","product_tag-unicorn","product_shipping_class-articles-volumineux","desktop-align-left","tablet-align-left","mobile-align-left"],"_links":{"self":[{"href":"https:\/\/jouetentunisie.tn\/index.php\/wp-json\/wp\/v2\/product\/1627","targetHints":{"allow":["GET"]}}],"collection":[{"href":"https:\/\/jouetentunisie.tn\/index.php\/wp-json\/wp\/v2\/product"}],"about":[{"href":"https:\/\/jouetentunisie.tn\/index.php\/wp-json\/wp\/v2\/types\/product"}],"replies":[{"embeddable":true,"href":"https:\/\/jouetentunisie.tn\/index.php\/wp-json\/wp\/v2\/comments?post=1627"}],"wp:featuredmedia":[{"embeddable":true,"href":"https:\/\/jouetentunisie.tn\/index.php\/wp-json\/wp\/v2\/media\/1658"}],"wp:attachment":[{"href":"https:\/\/jouetentunisie.tn\/index.php\/wp-json\/wp\/v2\/media?parent=1627"}],"wp:term":[{"taxonomy":"product_cat","embeddable":true,"href":"https:\/\/jouetentunisie.tn\/index.php\/wp-json\/wp\/v2\/product_cat?post=1627"},{"taxonomy":"product_tag","embeddable":true,"href":"https:\/\/jouetentunisie.tn\/index.php\/wp-json\/wp\/v2\/product_tag?post=1627"}],"curies":[{"name":"wp","href":"https:\/\/api.w.org\/{rel}","templated":true}]}}