{"id":1638,"date":"2023-11-23T15:23:16","date_gmt":"2023-11-23T14:23:16","guid":{"rendered":"https:\/\/jouetentunisie.tn\/?post_type=product&#038;p=1638"},"modified":"2023-11-23T15:23:28","modified_gmt":"2023-11-23T14:23:28","slug":"mini-babyfoot-matrax","status":"publish","type":"product","link":"https:\/\/jouetentunisie.tn\/index.php\/produit\/mini-babyfoot-matrax\/","title":{"rendered":"Mini BabyFoot Matrax"},"content":{"rendered":"<p>Mini BabyFoot sans pieds en plastique de la marque Matrax. Le fabriquant Matrax produit \u00e9galement des jouets <a href=\"https:\/\/www.tipirate-store.tn\/categorie-produit\/jeux-de-role-garcons\/\">jeux de r\u00f4le gar\u00e7on<\/a>. Ce Mini Babyfoot en plastique qualit\u00e9 parfaite est un excellent cadeau et jouet! Deviens le meilleur buteur du championnat en marquant le plus de points contre ton adversaire ! Mini Babyfoot avec plusieurs joueurs (6 joueurs au total pour chacun) et 3 balles en plastique pour les enfants d\u00e8s 3 ans. Pratique : les filets des cages sont en plastique, pour pouvoir r\u00e9cup\u00e9rer plus facilement les balles. Sa taille permet de l&#8217;emporter partout et de jouer sur une table \u00e0 l&rsquo;int\u00e9rieur, comme \u00e0 l&rsquo;ext\u00e9rieur ! Les enfants et les adultes vont adorer jouer des parties ensemble.<\/p>\n<p>Ceci est le Jouet de r\u00eave pour tous les enfants! Age \u00e0 partir de 3 ans. Ce jouet de la marque Matrax poss\u00e8de des Dimensions assembl\u00e9 de 24,5 x 37 x 8,5 cm. La m\u00e9thode de jeu est unique et tr\u00e8s simple! La balle passe de joueur en joueur et se stabilise au hasard en face d&rsquo;un autre joueur gr\u00e2ce au petit cercle l\u00e9g\u00e8rement creux autour du joueur. Ce joueur peut soit alors tirer soit tenter de faire une passe et la balle se stabilisera dans la zone creuse d&rsquo;un autre joueur! Avec le Mini BabyFoot sans pieds en plastique de la marque Matrax; Fou rire et amusement garanti! En outre, Achetez et commandez en ligne ou d\u00e9couvrez ce jouet dans notre magasin \u00e0 Tunis, Tunisie.<\/p>\n<p>Pour plus d&rsquo;informations contacter le site officiel <a href=\"https:\/\/matraxoyuncak.com\/fr\">Matrax<\/a><\/p>\n","protected":false},"excerpt":{"rendered":"<p>Mini BabyFoot sans pieds en plastique de la marque Matrax. Le fabriquant Matrax produit \u00e9galement des jouets jeux de r\u00f4le gar\u00e7on. Ce Mini Babyfoot en plastique qualit\u00e9 parfaite est un excellent cadeau et jouet! Deviens le meilleur buteur du championnat en marquant le plus de points contre ton adversaire ! Mini Babyfoot avec plusieurs joueurs (6 joueurs au total pour chacun) et 3 balles en plastique pour les enfants d\u00e8s 3 ans. Pratique : les filets des cages sont en plastique, pour pouvoir r\u00e9cup\u00e9rer plus facilement les balles. Sa taille permet de l&#8217;emporter partout et de jouer sur une table \u00e0 l&rsquo;int\u00e9rieur, comme \u00e0 l&rsquo;ext\u00e9rieur ! Les enfants et les adultes vont adorer jouer des parties ensemble.<\/p>\n<p>Ce Mini BabyFoot est le Jouet de r\u00eave pour tous les enfants! Age \u00e0 partir de 3 ans. Le mini BabyFoot de la marque Matrax poss\u00e8de des Dimensions assembl\u00e9 de 24,5 x 37 x 8,5 cm. La m\u00e9thode de jeu est unique et tr\u00e8s simple! La balle passe de joueur en joueur et se stabilise au hasard en face d&rsquo;un autre joueur gr\u00e2ce au petit cercle l\u00e9g\u00e8rement creux autour du joueur. Ce joueur peut soit alors tirer soit tenter de faire une passe et la balle se stabilisera dans la zone creuse d&rsquo;un autre joueur! Fou rire et amusement garanti!<\/p>\n","protected":false},"featured_media":1672,"comment_status":"open","ping_status":"closed","template":"","meta":{"site-sidebar-layout":"default","site-content-layout":"default","ast-site-content-layout":"","site-content-style":"","site-sidebar-style":"","ast-global-header-display":"","ast-banner-title-visibility":"","ast-main-header-display":"","ast-hfb-above-header-display":"","ast-hfb-below-header-display":"","ast-hfb-mobile-header-display":"","site-post-title":"","ast-breadcrumbs-content":"","ast-featured-img":"","footer-sml-layout":"","theme-transparent-header-meta":"default","adv-header-id-meta":"","stick-header-meta":"default","header-above-stick-meta":"","header-main-stick-meta":"","header-below-stick-meta":"","astra-migrate-meta-layouts":"","ast-page-background-enabled":"default","ast-page-background-meta":{"desktop":{"background-color":"","background-image":"","background-repeat":"repeat","background-position":"center center","background-size":"auto","background-attachment":"scroll","background-type":"","background-media":"","overlay-type":"","overlay-color":"","overlay-gradient":""},"tablet":{"background-color":"","background-image":"","background-repeat":"repeat","background-position":"center center","background-size":"auto","background-attachment":"scroll","background-type":"","background-media":"","overlay-type":"","overlay-color":"","overlay-gradient":""},"mobile":{"background-color":"","background-image":"","background-repeat":"repeat","background-position":"center center","background-size":"auto","background-attachment":"scroll","background-type":"","background-media":"","overlay-type":"","overlay-color":"","overlay-gradient":""}},"ast-content-background-meta":{"desktop":{"background-color":"var(--ast-global-color-5)","background-image":"","background-repeat":"repeat","background-position":"center center","background-size":"auto","background-attachment":"scroll","background-type":"","background-media":"","overlay-type":"","overlay-color":"","overlay-gradient":""},"tablet":{"background-color":"var(--ast-global-color-5)","background-image":"","background-repeat":"repeat","background-position":"center center","background-size":"auto","background-attachment":"scroll","background-type":"","background-media":"","overlay-type":"","overlay-color":"","overlay-gradient":""},"mobile":{"background-color":"var(--ast-global-color-5)","background-image":"","background-repeat":"repeat","background-position":"center center","background-size":"auto","background-attachment":"scroll","background-type":"","background-media":"","overlay-type":"","overlay-color":"","overlay-gradient":""}}},"product_cat":[58,66],"product_tag":[69,31,68],"class_list":["post-1638","product","type-product","status-publish","has-post-thumbnail","hentry","product_cat-jeux-de-role-garcons","product_cat-matrax","product_tag-jeu-de-babyfoot","product_tag-jouet","product_tag-matrax","desktop-align-left","tablet-align-left","mobile-align-left"],"_links":{"self":[{"href":"https:\/\/jouetentunisie.tn\/index.php\/wp-json\/wp\/v2\/product\/1638","targetHints":{"allow":["GET"]}}],"collection":[{"href":"https:\/\/jouetentunisie.tn\/index.php\/wp-json\/wp\/v2\/product"}],"about":[{"href":"https:\/\/jouetentunisie.tn\/index.php\/wp-json\/wp\/v2\/types\/product"}],"replies":[{"embeddable":true,"href":"https:\/\/jouetentunisie.tn\/index.php\/wp-json\/wp\/v2\/comments?post=1638"}],"wp:featuredmedia":[{"embeddable":true,"href":"https:\/\/jouetentunisie.tn\/index.php\/wp-json\/wp\/v2\/media\/1672"}],"wp:attachment":[{"href":"https:\/\/jouetentunisie.tn\/index.php\/wp-json\/wp\/v2\/media?parent=1638"}],"wp:term":[{"taxonomy":"product_cat","embeddable":true,"href":"https:\/\/jouetentunisie.tn\/index.php\/wp-json\/wp\/v2\/product_cat?post=1638"},{"taxonomy":"product_tag","embeddable":true,"href":"https:\/\/jouetentunisie.tn\/index.php\/wp-json\/wp\/v2\/product_tag?post=1638"}],"curies":[{"name":"wp","href":"https:\/\/api.w.org\/{rel}","templated":true}]}}