{"id":1649,"date":"2023-11-23T15:23:18","date_gmt":"2023-11-23T14:23:18","guid":{"rendered":"https:\/\/jouetentunisie.tn\/?post_type=product&#038;p=1649"},"modified":"2023-11-23T15:23:34","modified_gmt":"2023-11-23T14:23:34","slug":"tirs-de-basket-matrax","status":"publish","type":"product","link":"https:\/\/jouetentunisie.tn\/index.php\/produit\/tirs-de-basket-matrax\/","title":{"rendered":"Tirs de basket Matrax"},"content":{"rendered":"<p>Mini jeu de tirs au panier de basket de la marque Matrax. A partir de 3ans. Le fabriquant Matrax produit aussi des <a href=\"https:\/\/www.tipirate-store.tn\/categorie-produit\/jeux-de-role-garcons\/\">jeux de r\u00f4le gar\u00e7on<\/a>. Excellent jouet pour la Coordination \u0153il-main! ce jeu de basket-ball de bureau ou de table est totalement unique et un r\u00e9gal pour les enfants! Aide \u00e0 d\u00e9velopper leur coordination \u0153il-main et donc leur adresse. Cadeau parfait : ce jeu de table de basket est un cadeau parfait pour les gar\u00e7ons et m\u00eame pour les filles.<\/p>\n<p>Le but de ce jeu est d&rsquo;appuyer sur le bouton poussoir, de bien viser et doser sa force pour marquer un panier. Lorsque vous marquez vous gagner un point! Peut se jouer \u00e0 2 ou m\u00eame \u00e0 plusieurs! C&rsquo;est dr\u00f4le de jouer avec, et en m\u00eame temps, d&rsquo;entra\u00eener la coordination corporelle des enfants entre les yeux et les mains. Appuyez sur le bouton er voila que la balle serait saut\u00e9e vers le haut, la force de la presse d\u00e9cide de la hauteur du ballon L&rsquo;assemblage est facile et int\u00e9ressant, et peut aider les enfants \u00e0 entra\u00eener leur dext\u00e9rit\u00e9 manuelle! Avec ce Mini jeu de tirs au panier de basket de la marque Matrax, laisser vos enfant se r\u00e9galer de plaisir!<\/p>\n<p>Achetez et commandez en ligne ou d\u00e9couvrez ce jouet dans notre magasin \u00e0 Tunis, Tunisie<\/p>\n<p>Pour plus d&rsquo;informations contacter le site officiel <a href=\"https:\/\/matraxoyuncak.com\/fr\">Matrax<\/a><\/p>\n","protected":false},"excerpt":{"rendered":"<p>Mini jeu de tirs au panier de basket de la marque Matrax. A partir de 3ans. Le fabriquant Matrax produit aussi des jeux de r\u00f4le gar\u00e7on. Excellent jouet pour la Coordination \u0153il-main! ce jeu de basket-ball de bureau ou de table est totalement unique et un r\u00e9gal pour les enfants! Aide \u00e0 d\u00e9velopper leur coordination \u0153il-main et donc leur adresse. Cadeau parfait : ce jeu de table de basket est un cadeau parfait pour les gar\u00e7ons et m\u00eame pour les filles.<\/p>\n<p>Le but de ce jeu est d&rsquo;appuyer sur le bouton poussoir, de bien viser et doser sa force pour marquer un panier. Lorsque vous marquez vous gagner un point! Peut se jouer \u00e0 2 ou m\u00eame \u00e0 plusieurs! C&rsquo;est dr\u00f4le de jouer avec, et en m\u00eame temps, d&rsquo;entra\u00eener la coordination corporelle des enfants entre les yeux et les mains. Appuyez sur le bouton er voila que la balle serait saut\u00e9e vers le haut, la force de la presse d\u00e9cide de la hauteur du ballon L&rsquo;assemblage est facile et int\u00e9ressant, et peut aider les enfants \u00e0 entra\u00eener leur dext\u00e9rit\u00e9 manuelle! Avec ce Mini jeu de tirs au panier de basket de la marque Matrax, laisser vos enfant se r\u00e9galer de plaisir!<\/p>\n","protected":false},"featured_media":1686,"comment_status":"open","ping_status":"closed","template":"","meta":{"site-sidebar-layout":"default","site-content-layout":"default","ast-site-content-layout":"","site-content-style":"","site-sidebar-style":"","ast-global-header-display":"","ast-banner-title-visibility":"","ast-main-header-display":"","ast-hfb-above-header-display":"","ast-hfb-below-header-display":"","ast-hfb-mobile-header-display":"","site-post-title":"","ast-breadcrumbs-content":"","ast-featured-img":"","footer-sml-layout":"","theme-transparent-header-meta":"default","adv-header-id-meta":"","stick-header-meta":"default","header-above-stick-meta":"","header-main-stick-meta":"","header-below-stick-meta":"","astra-migrate-meta-layouts":"","ast-page-background-enabled":"default","ast-page-background-meta":{"desktop":{"background-color":"","background-image":"","background-repeat":"repeat","background-position":"center center","background-size":"auto","background-attachment":"scroll","background-type":"","background-media":"","overlay-type":"","overlay-color":"","overlay-gradient":""},"tablet":{"background-color":"","background-image":"","background-repeat":"repeat","background-position":"center center","background-size":"auto","background-attachment":"scroll","background-type":"","background-media":"","overlay-type":"","overlay-color":"","overlay-gradient":""},"mobile":{"background-color":"","background-image":"","background-repeat":"repeat","background-position":"center center","background-size":"auto","background-attachment":"scroll","background-type":"","background-media":"","overlay-type":"","overlay-color":"","overlay-gradient":""}},"ast-content-background-meta":{"desktop":{"background-color":"var(--ast-global-color-5)","background-image":"","background-repeat":"repeat","background-position":"center center","background-size":"auto","background-attachment":"scroll","background-type":"","background-media":"","overlay-type":"","overlay-color":"","overlay-gradient":""},"tablet":{"background-color":"var(--ast-global-color-5)","background-image":"","background-repeat":"repeat","background-position":"center center","background-size":"auto","background-attachment":"scroll","background-type":"","background-media":"","overlay-type":"","overlay-color":"","overlay-gradient":""},"mobile":{"background-color":"var(--ast-global-color-5)","background-image":"","background-repeat":"repeat","background-position":"center center","background-size":"auto","background-attachment":"scroll","background-type":"","background-media":"","overlay-type":"","overlay-color":"","overlay-gradient":""}}},"product_cat":[58,66],"product_tag":[31,68],"class_list":["post-1649","product","type-product","status-publish","has-post-thumbnail","hentry","product_cat-jeux-de-role-garcons","product_cat-matrax","product_tag-jouet","product_tag-matrax","desktop-align-left","tablet-align-left","mobile-align-left"],"_links":{"self":[{"href":"https:\/\/jouetentunisie.tn\/index.php\/wp-json\/wp\/v2\/product\/1649","targetHints":{"allow":["GET"]}}],"collection":[{"href":"https:\/\/jouetentunisie.tn\/index.php\/wp-json\/wp\/v2\/product"}],"about":[{"href":"https:\/\/jouetentunisie.tn\/index.php\/wp-json\/wp\/v2\/types\/product"}],"replies":[{"embeddable":true,"href":"https:\/\/jouetentunisie.tn\/index.php\/wp-json\/wp\/v2\/comments?post=1649"}],"wp:featuredmedia":[{"embeddable":true,"href":"https:\/\/jouetentunisie.tn\/index.php\/wp-json\/wp\/v2\/media\/1686"}],"wp:attachment":[{"href":"https:\/\/jouetentunisie.tn\/index.php\/wp-json\/wp\/v2\/media?parent=1649"}],"wp:term":[{"taxonomy":"product_cat","embeddable":true,"href":"https:\/\/jouetentunisie.tn\/index.php\/wp-json\/wp\/v2\/product_cat?post=1649"},{"taxonomy":"product_tag","embeddable":true,"href":"https:\/\/jouetentunisie.tn\/index.php\/wp-json\/wp\/v2\/product_tag?post=1649"}],"curies":[{"name":"wp","href":"https:\/\/api.w.org\/{rel}","templated":true}]}}