{"id":1766,"date":"2023-11-23T15:24:05","date_gmt":"2023-11-23T14:24:05","guid":{"rendered":"https:\/\/jouetentunisie.tn\/?post_type=product&#038;p=1766"},"modified":"2023-11-23T15:24:17","modified_gmt":"2023-11-23T14:24:17","slug":"porteur-fisher-price-dolu","status":"publish","type":"product","link":"https:\/\/jouetentunisie.tn\/index.php\/produit\/porteur-fisher-price-dolu\/","title":{"rendered":"Porteur Fisher Price Dolu"},"content":{"rendered":"<h2>Porteur Fisher Price Dolu<\/h2>\n<p>Porteur Fisher Price a partir de 12mois marque DOLU. Dimensions 30.48 x 40.64 x 71.12 cm. Assemblage rapide et facile. L&rsquo;enfant s&rsquo;assoit sur la voiture porteur et se met \u00e0 avancer par m\u00e9canisme pousse-pousse en poussant sur ses pieds! <span style=\"font-size: 16px;\">La marque Dolu est un fabriquant qui produit plusieurs mod\u00e8les de <a href=\"https:\/\/www.tipirate-store.tn\/categorie-produit\/porteurs-et-voitures-a-pedales\/\">porteurs et voitures \u00e0 p\u00e9dales<\/a>. Cette voiture sans p\u00e9dales poss\u00e8de aussi un klaxon pour que votre enfant puisse imiter les adultes comme dans la vrai vie! Faite de plastique de tr\u00e8s haute qualit\u00e9. Nettoyage simple et rapide et pour utilisation \u00e0 l&rsquo;int\u00e9rieur comme \u00e0 l&rsquo;ext\u00e9rieur dans le jardin. <span class=\"Y2IQFc\" lang=\"fr\">Les parents peuvent se rassurer : la construction est stable et ne bascule pas. Dans la m\u00eame cat\u00e9gorie le <a href=\"https:\/\/www.tipirate-store.tn\/produit\/porteur-modele-racer-dolu\/\">porteur Racer<\/a><\/span><\/span><\/p>\n<p><span class=\"Y2IQFc\" lang=\"fr\">En outre, Lors de leurs escapades dans cette voiture, les plus petits prouvent leur motricit\u00e9 et leur sens de l&rsquo;orientation. Le klaxon int\u00e9gr\u00e9 au volant permet aux enfants d&rsquo;apprendre \u00e0 faire attention aux signaux sonores notamment. Les autocollants r\u00e9sistants devant, au dos et sur les c\u00f4t\u00e9s compl\u00e8tent l&rsquo;ensemble. Lorsque les petits sportifs sont \u00e9puis\u00e9s, les parents peuvent facilement porter ce <\/span><span style=\"font-size: 16px; font-style: normal; font-weight: 400;\">l\u00e9ger<\/span><span style=\"font-size: 16px;\"> Porteur Fisher Price de Dolu par le guidon. Tr\u00e8s compact, le porteur se range facilement.<\/span><\/p>\n<p><span style=\"font-size: 16px; font-style: normal; font-weight: 400;\">Achetez et commandez en ligne ou d\u00e9couvrez ce jouet dans notre magasin \u00e0 Tunis, Tunisie.<\/span><span style=\"font-size: 16px; font-style: normal; font-weight: 400;\">\u00a0<\/span><\/p>\n<p>Pour plus d&rsquo;informations visiter le site officiel <a href=\"https:\/\/www.dolu.com.tr\/en\/\">Dolu<\/a><\/p>\n","protected":false},"excerpt":{"rendered":"<p>Porteur Fisher Price a partir de 12mois marque DOLU. Dimensions 30.48 x 40.64 x 71.12 cm. Assemblage rapide et facile. L&rsquo;enfant s&rsquo;assoit sur la voiture porteur et se met \u00e0 avancer par m\u00e9canisme pousse-pousse en poussant sur ses pieds! <span style=\"font-size: 16px;\">La marque Dolu est un fabriquant qui produit plusieurs mod\u00e8les de <a href=\"https:\/\/www.tipirate-store.tn\/categorie-produit\/porteurs-et-voitures-a-pedales\/\">porteurs et voitures \u00e0 p\u00e9dales<\/a>. Cette voiture sans p\u00e9dales poss\u00e8de aussi un klaxon pour que votre enfant puisse imiter les adultes comme dans la vrai vie! Faite de plastique de tr\u00e8s haute qualit\u00e9. Nettoyage simple et rapide et pour utilisation \u00e0 l&rsquo;int\u00e9rieur comme \u00e0 l&rsquo;ext\u00e9rieur dans le jardin. <span class=\"Y2IQFc\" lang=\"fr\">Les parents peuvent se rassurer : la construction est stable et ne bascule pas.<\/span><\/span><\/p>\n<p><span class=\"Y2IQFc\" lang=\"fr\">En outre, Lors de leurs escapades dans cette voiture, les plus petits prouvent leur motricit\u00e9 et leur sens de l&rsquo;orientation. Le klaxon int\u00e9gr\u00e9 au volant permet aux enfants d&rsquo;apprendre \u00e0 faire attention aux signaux sonores notamment.<\/span><\/p>\n","protected":false},"featured_media":1796,"comment_status":"open","ping_status":"closed","template":"","meta":{"site-sidebar-layout":"default","site-content-layout":"default","ast-site-content-layout":"default","site-content-style":"default","site-sidebar-style":"default","ast-global-header-display":"","ast-banner-title-visibility":"","ast-main-header-display":"","ast-hfb-above-header-display":"","ast-hfb-below-header-display":"","ast-hfb-mobile-header-display":"","site-post-title":"","ast-breadcrumbs-content":"","ast-featured-img":"","footer-sml-layout":"","theme-transparent-header-meta":"default","adv-header-id-meta":"","stick-header-meta":"default","header-above-stick-meta":"","header-main-stick-meta":"","header-below-stick-meta":"","astra-migrate-meta-layouts":"set","ast-page-background-enabled":"default","ast-page-background-meta":{"desktop":{"background-color":"","background-image":"","background-repeat":"repeat","background-position":"center center","background-size":"auto","background-attachment":"scroll","background-type":"","background-media":"","overlay-type":"","overlay-color":"","overlay-gradient":""},"tablet":{"background-color":"","background-image":"","background-repeat":"repeat","background-position":"center center","background-size":"auto","background-attachment":"scroll","background-type":"","background-media":"","overlay-type":"","overlay-color":"","overlay-gradient":""},"mobile":{"background-color":"","background-image":"","background-repeat":"repeat","background-position":"center center","background-size":"auto","background-attachment":"scroll","background-type":"","background-media":"","overlay-type":"","overlay-color":"","overlay-gradient":""}},"ast-content-background-meta":{"desktop":{"background-color":"var(--ast-global-color-5)","background-image":"","background-repeat":"repeat","background-position":"center center","background-size":"auto","background-attachment":"scroll","background-type":"","background-media":"","overlay-type":"","overlay-color":"","overlay-gradient":""},"tablet":{"background-color":"var(--ast-global-color-5)","background-image":"","background-repeat":"repeat","background-position":"center center","background-size":"auto","background-attachment":"scroll","background-type":"","background-media":"","overlay-type":"","overlay-color":"","overlay-gradient":""},"mobile":{"background-color":"var(--ast-global-color-5)","background-image":"","background-repeat":"repeat","background-position":"center center","background-size":"auto","background-attachment":"scroll","background-type":"","background-media":"","overlay-type":"","overlay-color":"","overlay-gradient":""}}},"product_cat":[27,37,35],"product_tag":[29,31,42],"class_list":["post-1766","product","type-product","status-publish","has-post-thumbnail","hentry","product_cat-dolu","product_cat-jouets-1er-age","product_cat-porteurs-et-voitures-a-pedales","product_tag-dolu","product_tag-jouet","product_tag-porteur","desktop-align-left","tablet-align-left","mobile-align-left"],"_links":{"self":[{"href":"https:\/\/jouetentunisie.tn\/index.php\/wp-json\/wp\/v2\/product\/1766","targetHints":{"allow":["GET"]}}],"collection":[{"href":"https:\/\/jouetentunisie.tn\/index.php\/wp-json\/wp\/v2\/product"}],"about":[{"href":"https:\/\/jouetentunisie.tn\/index.php\/wp-json\/wp\/v2\/types\/product"}],"replies":[{"embeddable":true,"href":"https:\/\/jouetentunisie.tn\/index.php\/wp-json\/wp\/v2\/comments?post=1766"}],"wp:featuredmedia":[{"embeddable":true,"href":"https:\/\/jouetentunisie.tn\/index.php\/wp-json\/wp\/v2\/media\/1796"}],"wp:attachment":[{"href":"https:\/\/jouetentunisie.tn\/index.php\/wp-json\/wp\/v2\/media?parent=1766"}],"wp:term":[{"taxonomy":"product_cat","embeddable":true,"href":"https:\/\/jouetentunisie.tn\/index.php\/wp-json\/wp\/v2\/product_cat?post=1766"},{"taxonomy":"product_tag","embeddable":true,"href":"https:\/\/jouetentunisie.tn\/index.php\/wp-json\/wp\/v2\/product_tag?post=1766"}],"curies":[{"name":"wp","href":"https:\/\/api.w.org\/{rel}","templated":true}]}}