{"id":1774,"date":"2023-11-23T15:24:06","date_gmt":"2023-11-23T14:24:06","guid":{"rendered":"https:\/\/jouetentunisie.tn\/?post_type=product&#038;p=1774"},"modified":"2023-11-23T15:24:21","modified_gmt":"2023-11-23T14:24:21","slug":"camion-fisher-price-dolu","status":"publish","type":"product","link":"https:\/\/jouetentunisie.tn\/index.php\/produit\/camion-fisher-price-dolu\/","title":{"rendered":"Camion Fisher Price DOLU"},"content":{"rendered":"<p>Camion Fisher Price marque <a href=\"https:\/\/www.tipirate-store.tn\/categorie-produit\/dolu\/\">Dolu<\/a> avec benne qui fonctionne manuellement. Dimensions: \u00a021,5 (\u03a5) x 38 (\u039c) x 19 (\u03a0) cm Age 18 mois et plus. \u00a0<span class=\"a-list-item\">Les jouets de camion sont d&rsquo;excellents cadeaux pour les enfants. Celui ci poss\u00e8de benne arri\u00e8re que l&rsquo;on actionner ! Les enfants vont pouvoir s&rsquo;imaginer en train de transporter du b\u00e9ton \u00e0 construction pour construire de grands projets!\u00a0 Ce jouet de camion est tr\u00e8s durable pour une utilisation int\u00e9rieure et ext\u00e9rieure, y compris les pelouses, les jardins d&rsquo;enfants et partout ailleurs. La qualit\u00e9 de son plastique est exceptionnelles! Ce jouet va D\u00e9velopper la capacit\u00e9 de manipulation, la motricit\u00e9, l&rsquo;esprit vif, la sym\u00e9trie et la cr\u00e9ativit\u00e9 de l&rsquo;enfant tout en jouant. Dans la m\u00eame cat\u00e9gorie le <a href=\"https:\/\/www.tipirate-store.tn\/produit\/camion-a-benne-dolu\/\">camion \u00e0 benne<\/a><\/span><\/p>\n<p><span class=\"a-list-item\">Excellent Cadeau pour Enfants de 18 mois et m\u00eame plus. Le jouet de camion Fisher Price Dolu est un cadeau parfait pour les anniversaires et autres occasions de cadeaux. Les gar\u00e7ons qui aiment les camions jouets seront divertis pendant des heures, satisfaction Garantie! <span style=\"font-size: 16px;\"> Vous verrez \u00e0 quel point votre petit tr\u00e9sor sera heureux de recevoir ce jouet! En effet, il a bien raison, puisqu\u2019il s\u2019agit d\u2019un jouet multit\u00e2che!\u00a0<\/span><\/span><\/p>\n<p><span style=\"font-size: 16px; font-style: normal; font-weight: 400;\">Achetez et commandez en ligne ou d\u00e9couvrez ce jouet dans notre magasin \u00e0 Tunis, Tunisie.<\/span><span style=\"font-size: 16px; font-style: normal; font-weight: 400;\">\u00a0<\/span><\/p>\n<p>Pour plus d &lsquo;infos. Visiter le site officiel <a href=\"https:\/\/www.dolu.com.tr\/en\/\">Dolu<\/a>.<\/p>\n","protected":false},"excerpt":{"rendered":"<p>Camion Fisher Price marque Dolu avec benne qui fonctionne manuellement. Dimensions: \u00a021,5 (\u03a5) x 38 (\u039c) x 19 (\u03a0) cm Age 18 mois et plus. \u00a0Les jouets de camion sont d&rsquo;excellents cadeaux pour les enfants. Celui ci poss\u00e8de benne arri\u00e8re que l&rsquo;on actionner ! Les enfants vont pouvoir s&rsquo;imaginer en train de transporter du b\u00e9ton \u00e0 construction pour construire de grands projets!\u00a0 Ce jouet de camion est tr\u00e8s durable pour une utilisation int\u00e9rieure et ext\u00e9rieure, y compris les pelouses, les jardins d&rsquo;enfants et partout ailleurs. La qualit\u00e9 de son plastique est exceptionnelles! Ce jouet va D\u00e9velopper la capacit\u00e9 de manipulation, la motricit\u00e9, l&rsquo;esprit vif, la sym\u00e9trie et la cr\u00e9ativit\u00e9 de l&rsquo;enfant tout en jouant. Dans la m\u00eame cat\u00e9gorie le camion \u00e0 benne<\/p>\n<p>Excellent Cadeau pour Enfants de 18 mois et m\u00eame plus. Le jouet de camion Fisher Price Dolu est un cadeau parfait pour les anniversaires et autres occasions de cadeaux. Les gar\u00e7ons qui aiment les camions jouets seront divertis pendant des heures, satisfaction Garantie! Vous verrez \u00e0 quel point votre petit tr\u00e9sor sera heureux de recevoir ce jouet! En effet, il a bien raison, puisqu\u2019il s\u2019agit d\u2019un jouet multit\u00e2che!<\/p>\n","protected":false},"featured_media":1804,"comment_status":"open","ping_status":"closed","template":"","meta":{"site-sidebar-layout":"default","site-content-layout":"default","ast-site-content-layout":"","site-content-style":"","site-sidebar-style":"","ast-global-header-display":"","ast-banner-title-visibility":"","ast-main-header-display":"","ast-hfb-above-header-display":"","ast-hfb-below-header-display":"","ast-hfb-mobile-header-display":"","site-post-title":"","ast-breadcrumbs-content":"","ast-featured-img":"","footer-sml-layout":"","theme-transparent-header-meta":"default","adv-header-id-meta":"","stick-header-meta":"default","header-above-stick-meta":"","header-main-stick-meta":"","header-below-stick-meta":"","astra-migrate-meta-layouts":"","ast-page-background-enabled":"default","ast-page-background-meta":{"desktop":{"background-color":"","background-image":"","background-repeat":"repeat","background-position":"center center","background-size":"auto","background-attachment":"scroll","background-type":"","background-media":"","overlay-type":"","overlay-color":"","overlay-gradient":""},"tablet":{"background-color":"","background-image":"","background-repeat":"repeat","background-position":"center center","background-size":"auto","background-attachment":"scroll","background-type":"","background-media":"","overlay-type":"","overlay-color":"","overlay-gradient":""},"mobile":{"background-color":"","background-image":"","background-repeat":"repeat","background-position":"center center","background-size":"auto","background-attachment":"scroll","background-type":"","background-media":"","overlay-type":"","overlay-color":"","overlay-gradient":""}},"ast-content-background-meta":{"desktop":{"background-color":"var(--ast-global-color-5)","background-image":"","background-repeat":"repeat","background-position":"center center","background-size":"auto","background-attachment":"scroll","background-type":"","background-media":"","overlay-type":"","overlay-color":"","overlay-gradient":""},"tablet":{"background-color":"var(--ast-global-color-5)","background-image":"","background-repeat":"repeat","background-position":"center center","background-size":"auto","background-attachment":"scroll","background-type":"","background-media":"","overlay-type":"","overlay-color":"","overlay-gradient":""},"mobile":{"background-color":"var(--ast-global-color-5)","background-image":"","background-repeat":"repeat","background-position":"center center","background-size":"auto","background-attachment":"scroll","background-type":"","background-media":"","overlay-type":"","overlay-color":"","overlay-gradient":""}}},"product_cat":[27,58],"product_tag":[29,31],"class_list":["post-1774","product","type-product","status-publish","has-post-thumbnail","hentry","product_cat-dolu","product_cat-jeux-de-role-garcons","product_tag-dolu","product_tag-jouet","desktop-align-left","tablet-align-left","mobile-align-left"],"_links":{"self":[{"href":"https:\/\/jouetentunisie.tn\/index.php\/wp-json\/wp\/v2\/product\/1774","targetHints":{"allow":["GET"]}}],"collection":[{"href":"https:\/\/jouetentunisie.tn\/index.php\/wp-json\/wp\/v2\/product"}],"about":[{"href":"https:\/\/jouetentunisie.tn\/index.php\/wp-json\/wp\/v2\/types\/product"}],"replies":[{"embeddable":true,"href":"https:\/\/jouetentunisie.tn\/index.php\/wp-json\/wp\/v2\/comments?post=1774"}],"wp:featuredmedia":[{"embeddable":true,"href":"https:\/\/jouetentunisie.tn\/index.php\/wp-json\/wp\/v2\/media\/1804"}],"wp:attachment":[{"href":"https:\/\/jouetentunisie.tn\/index.php\/wp-json\/wp\/v2\/media?parent=1774"}],"wp:term":[{"taxonomy":"product_cat","embeddable":true,"href":"https:\/\/jouetentunisie.tn\/index.php\/wp-json\/wp\/v2\/product_cat?post=1774"},{"taxonomy":"product_tag","embeddable":true,"href":"https:\/\/jouetentunisie.tn\/index.php\/wp-json\/wp\/v2\/product_tag?post=1774"}],"curies":[{"name":"wp","href":"https:\/\/api.w.org\/{rel}","templated":true}]}}